CRAN Package Check Results for Package BEKKs

Last updated on 2022-04-08 01:48:40 CEST.

Flavor Version Tinstall Tcheck Ttotal Status Flags
r-devel-linux-x86_64-debian-clang 1.1.0 163.13 1325.99 1489.12 ERROR
r-devel-linux-x86_64-debian-gcc 1.1.0 129.26 439.66 568.92 OK
r-devel-linux-x86_64-fedora-clang 1.1.0 1359.51 NOTE
r-devel-linux-x86_64-fedora-gcc 1.1.0 967.26 NOTE
r-devel-windows-x86_64-new-UL 1.1.0 117.00 605.00 722.00 OK
r-patched-linux-x86_64 1.1.0 134.87 661.83 796.70 OK
r-release-linux-x86_64 1.1.0 128.88 652.71 781.59 OK
r-release-macos-arm64 1.1.0 NOTE
r-release-macos-x86_64 1.1.0 NOTE
r-release-windows-ix86+x86_64 1.1.0 330.00 1329.00 1659.00 OK
r-oldrel-macos-x86_64 1.1.0 NOTE
r-oldrel-windows-ix86+x86_64 1.1.0 339.00 1356.00 1695.00 OK

Check Details

Version: 1.1.0
Check: tests
Result: ERROR
     Running 'testthat.R' [20m/11m]
    Running the tests in 'tests/testthat.R' failed.
    Complete output:
     > library(testthat)
     > library(BEKKs)
     >
     > test_check("BEKKs")
     Killed
Flavor: r-devel-linux-x86_64-debian-clang

Version: 1.1.0
Check: installed package size
Result: NOTE
     installed size is 10.2Mb
     sub-directories of 1Mb or more:
     libs 9.3Mb
Flavors: r-devel-linux-x86_64-fedora-clang, r-release-macos-arm64, r-release-macos-x86_64, r-oldrel-macos-x86_64

Version: 1.1.0
Check: dependencies in R code
Result: NOTE
    Namespaces in Imports field not imported from:
     ‘expm’ ‘forecast’ ‘parallel’
     All declared Imports should be used.
Flavors: r-devel-linux-x86_64-fedora-clang, r-devel-linux-x86_64-fedora-gcc, r-release-macos-arm64, r-release-macos-x86_64, r-oldrel-macos-x86_64