CRAN Package Check Results for Package BCBCSF

Last updated on 2022-04-08 01:48:40 CEST.

Flavor Version Tinstall Tcheck Ttotal Status Flags
r-devel-linux-x86_64-debian-clang 1.0-1 3.02 50.81 53.83 NOTE
r-devel-linux-x86_64-debian-gcc 1.0-1 2.95 37.28 40.23 NOTE
r-devel-linux-x86_64-fedora-clang 1.0-1 65.29 NOTE
r-devel-linux-x86_64-fedora-gcc 1.0-1 53.86 NOTE
r-devel-windows-x86_64-new-UL 1.0-1 17.00 72.00 89.00 OK
r-patched-linux-x86_64 1.0-1 3.63 47.89 51.52 NOTE
r-release-linux-x86_64 1.0-1 3.26 48.20 51.46 NOTE
r-release-macos-arm64 1.0-1 OK
r-release-macos-x86_64 1.0-1 OK
r-release-windows-ix86+x86_64 1.0-1 9.00 85.00 94.00 OK
r-oldrel-macos-x86_64 1.0-1 OK
r-oldrel-windows-ix86+x86_64 1.0-1 8.00 87.00 95.00 OK

Check Details

Version: 1.0-1
Check: for non-standard things in the check directory
Result: NOTE
    Found the following files/directories:
     '.fitbcbcsf_alpha1_mu_3_n_31_p_4026_nfsel_20_biascor_1.RData'
     '.fitbcbcsf_alpha1_mu_3_n_31_p_4026_nfsel_50_biascor_1.RData'
     '.fitbcbcsf_alpha1_mu_3_n_53_p_4026_nfsel_20_biascor_1.RData'
     '.fitbcbcsf_alpha1_mu_3_n_53_p_4026_nfsel_50_biascor_1.RData'
Flavors: r-devel-linux-x86_64-debian-clang, r-devel-linux-x86_64-debian-gcc, r-devel-linux-x86_64-fedora-clang, r-devel-linux-x86_64-fedora-gcc, r-patched-linux-x86_64, r-release-linux-x86_64

Version: 1.0-1
Check: compiled code
Result: NOTE
    File ‘BCBCSF/libs/BCBCSF.so’:
     Found no calls to: ‘R_registerRoutines’, ‘R_useDynamicSymbols’
    
    It is good practice to register native routines and to disable symbol
    search.
    
    See ‘Writing portable packages’ in the ‘Writing R Extensions’ manual.
Flavors: r-devel-linux-x86_64-fedora-clang, r-devel-linux-x86_64-fedora-gcc