CRAN Package Check Results for Package BBRecapture

Last updated on 2022-04-08 01:48:40 CEST.

Flavor Version Tinstall Tcheck Ttotal Status Flags
r-devel-linux-x86_64-debian-clang 0.2 13.51 97.42 110.93 OK
r-devel-linux-x86_64-debian-gcc 0.2 9.41 73.21 82.62 OK
r-devel-linux-x86_64-fedora-clang 0.2 130.88 NOTE
r-devel-linux-x86_64-fedora-gcc 0.2 117.84 NOTE
r-devel-windows-x86_64-new-UL 0.2 48.00 115.00 163.00 OK
r-patched-linux-x86_64 0.2 13.06 93.01 106.07 OK
r-release-linux-x86_64 0.2 9.93 87.52 97.45 OK
r-release-macos-arm64 0.2 NOTE
r-release-macos-x86_64 0.2 NOTE
r-release-windows-ix86+x86_64 0.2 23.00 102.00 125.00 OK
r-oldrel-macos-x86_64 0.2 NOTE
r-oldrel-windows-ix86+x86_64 0.2 23.00 100.00 123.00 OK

Check Details

Version: 0.2
Check: dependencies in R code
Result: NOTE
    Namespaces in Imports field not imported from:
     ‘locfit’ ‘secr’
     All declared Imports should be used.
Flavors: r-devel-linux-x86_64-fedora-clang, r-devel-linux-x86_64-fedora-gcc, r-release-macos-arm64, r-release-macos-x86_64, r-oldrel-macos-x86_64