CRAN Package Check Results for Package BASiNET

Last updated on 2022-04-08 01:48:40 CEST.

Flavor Version Tinstall Tcheck Ttotal Status Flags
r-devel-linux-x86_64-debian-clang 0.0.4 23.79 238.99 262.78 NOTE
r-devel-linux-x86_64-debian-gcc 0.0.4 19.09 178.62 197.71 NOTE
r-devel-linux-x86_64-fedora-clang 0.0.4 303.92 NOTE
r-devel-linux-x86_64-fedora-gcc 0.0.4 305.36 NOTE
r-devel-windows-x86_64-new-UL 0.0.4 25.00 210.00 235.00 NOTE
r-patched-linux-x86_64 0.0.4 20.81 229.73 250.54 NOTE
r-release-linux-x86_64 0.0.4 18.31 217.99 236.30 NOTE
r-release-macos-arm64 0.0.4 NOTE
r-release-macos-x86_64 0.0.4 NOTE
r-release-windows-ix86+x86_64 0.0.4 40.00 211.00 251.00 NOTE
r-oldrel-macos-x86_64 0.0.4 OK
r-oldrel-windows-ix86+x86_64 0.0.4 40.00 203.00 243.00 OK

Check Details

Version: 0.0.4
Check: LazyData
Result: NOTE
     'LazyData' is specified without a 'data' directory
Flavors: r-devel-linux-x86_64-debian-clang, r-devel-linux-x86_64-debian-gcc, r-devel-linux-x86_64-fedora-clang, r-devel-linux-x86_64-fedora-gcc, r-devel-windows-x86_64-new-UL, r-patched-linux-x86_64, r-release-linux-x86_64, r-release-macos-arm64, r-release-macos-x86_64, r-release-windows-ix86+x86_64