Last updated on 2022-04-08 01:48:39 CEST.
Flavor | Version | Tinstall | Tcheck | Ttotal | Status | Flags |
---|---|---|---|---|---|---|
r-devel-linux-x86_64-debian-clang | 0.2.0 | 3.57 | 55.79 | 59.36 | NOTE | |
r-devel-linux-x86_64-debian-gcc | 0.2.0 | 3.88 | 43.54 | 47.42 | NOTE | |
r-devel-linux-x86_64-fedora-clang | 0.2.0 | 73.55 | NOTE | |||
r-devel-linux-x86_64-fedora-gcc | 0.2.0 | 61.11 | NOTE | |||
r-devel-windows-x86_64-new-UL | 0.2.0 | 41.00 | 72.00 | 113.00 | NOTE | |
r-patched-linux-x86_64 | 0.2.0 | 4.77 | 55.99 | 60.76 | NOTE | |
r-release-linux-x86_64 | 0.2.0 | 3.33 | 52.50 | 55.83 | NOTE | |
r-release-macos-arm64 | 0.2.0 | NOTE | ||||
r-release-macos-x86_64 | 0.2.0 | NOTE | ||||
r-release-windows-ix86+x86_64 | 0.2.0 | 11.00 | 66.00 | 77.00 | NOTE | |
r-oldrel-macos-x86_64 | 0.2.0 | OK | ||||
r-oldrel-windows-ix86+x86_64 | 0.2.0 | 11.00 | 64.00 | 75.00 | OK |
Version: 0.2.0
Check: LazyData
Result: NOTE
'LazyData' is specified without a 'data' directory
Flavors: r-devel-linux-x86_64-debian-clang, r-devel-linux-x86_64-debian-gcc, r-devel-linux-x86_64-fedora-clang, r-devel-linux-x86_64-fedora-gcc, r-devel-windows-x86_64-new-UL, r-patched-linux-x86_64, r-release-linux-x86_64, r-release-macos-arm64, r-release-macos-x86_64, r-release-windows-ix86+x86_64