CRAN Package Check Results for Package Arothron

Last updated on 2022-04-08 01:48:39 CEST.

Flavor Version Tinstall Tcheck Ttotal Status Flags
r-devel-linux-x86_64-debian-clang 2.0.3 13.41 133.60 147.01 OK
r-devel-linux-x86_64-debian-gcc 2.0.3 11.09 102.00 113.09 OK
r-devel-linux-x86_64-fedora-clang 2.0.3 174.98 NOTE
r-devel-linux-x86_64-fedora-gcc 2.0.3 163.70 OK
r-devel-windows-x86_64-new-UL 2.0.3 39.00 154.00 193.00 NOTE
r-patched-linux-x86_64 2.0.3 12.77 129.23 142.00 OK
r-release-linux-x86_64 2.0.3 12.45 118.77 131.22 OK
r-release-macos-arm64 2.0.3 NOTE
r-release-macos-x86_64 2.0.3 NOTE
r-release-windows-ix86+x86_64 2.0.3 27.00 138.00 165.00 NOTE
r-oldrel-macos-x86_64 2.0.3 NOTE
r-oldrel-windows-ix86+x86_64 2.0.3 29.00 140.00 169.00 NOTE

Check Details

Version: 2.0.3
Check: installed package size
Result: NOTE
     installed size is 5.2Mb
     sub-directories of 1Mb or more:
     data 4.9Mb
Flavors: r-devel-linux-x86_64-fedora-clang, r-devel-windows-x86_64-new-UL, r-release-macos-arm64, r-release-macos-x86_64, r-release-windows-ix86+x86_64, r-oldrel-macos-x86_64, r-oldrel-windows-ix86+x86_64