CRAN Package Check Results for Package AZIAD

Last updated on 2022-04-08 01:48:40 CEST.

Flavor Version Tinstall Tcheck Ttotal Status Flags
r-devel-linux-x86_64-debian-clang 0.0.1 14.55 78.17 92.72 OK
r-devel-linux-x86_64-debian-gcc 0.0.1 11.83 56.93 68.76 OK
r-devel-linux-x86_64-fedora-clang 0.0.1 110.70 NOTE
r-devel-linux-x86_64-fedora-gcc 0.0.1 104.45 NOTE
r-devel-windows-x86_64-new-UL 0.0.1 27.00 84.00 111.00 OK
r-patched-linux-x86_64 0.0.1 14.40 76.19 90.59 OK
r-release-linux-x86_64 0.0.1 13.98 72.86 86.84 OK
r-release-macos-arm64 0.0.1 ERROR
r-release-macos-x86_64 0.0.1 NOTE
r-release-windows-ix86+x86_64 0.0.1 22.00 81.00 103.00 OK

Check Details

Version: 0.0.1
Check: dependencies in R code
Result: NOTE
    Namespaces in Imports field not imported from:
     ‘MixAll’ ‘dplyr’ ‘lqmm’ ‘matrixcalc’ ‘rmutil’ ‘rootSolve’
     All declared Imports should be used.
Flavors: r-devel-linux-x86_64-fedora-clang, r-devel-linux-x86_64-fedora-gcc, r-release-macos-x86_64

Version: 0.0.1
Check: package dependencies
Result: ERROR
    Packages required and available but unsuitable versions:
     'parallel', 'stats', 'base'
    
    See section ‘The DESCRIPTION file’ in the ‘Writing R Extensions’
    manual.
Flavor: r-release-macos-arm64