Last updated on 2022-04-08 01:48:39 CEST.
Flavor | Version | Tinstall | Tcheck | Ttotal | Status | Flags |
---|---|---|---|---|---|---|
r-devel-linux-x86_64-debian-clang | 2.1 | 26.43 | 139.46 | 165.89 | OK | |
r-devel-linux-x86_64-debian-gcc | 2.1 | 19.87 | 102.87 | 122.74 | OK | |
r-devel-linux-x86_64-fedora-clang | 2.1 | 202.50 | NOTE | |||
r-devel-linux-x86_64-fedora-gcc | 2.1 | 188.59 | NOTE | |||
r-devel-windows-x86_64-new-UL | 2.1 | 24.00 | 116.00 | 140.00 | OK | |
r-patched-linux-x86_64 | 2.1 | 24.58 | 137.01 | 161.59 | OK | |
r-release-linux-x86_64 | 2.1 | 22.27 | 120.97 | 143.24 | OK | |
r-release-macos-arm64 | 2.1 | NOTE | ||||
r-release-macos-x86_64 | 2.1 | NOTE | ||||
r-release-windows-ix86+x86_64 | 2.1 | 31.00 | 113.00 | 144.00 | OK | |
r-oldrel-macos-x86_64 | 2.1 | NOTE | ||||
r-oldrel-windows-ix86+x86_64 | 2.1 | 31.00 | 115.00 | 146.00 | OK |
Version: 2.1
Check: dependencies in R code
Result: NOTE
Namespaces in Imports field not imported from:
‘Matrix’ ‘gmm’ ‘graphics’ ‘sandwich’ ‘stats4’ ‘utils’
All declared Imports should be used.
Flavors: r-devel-linux-x86_64-fedora-clang, r-devel-linux-x86_64-fedora-gcc, r-release-macos-arm64, r-release-macos-x86_64, r-oldrel-macos-x86_64