Last updated on 2022-04-08 01:48:39 CEST.
Flavor | Version | Tinstall | Tcheck | Ttotal | Status | Flags |
---|---|---|---|---|---|---|
r-devel-linux-x86_64-debian-clang | 0.1.0 | 2.43 | 29.10 | 31.53 | NOTE | |
r-devel-linux-x86_64-debian-gcc | 0.1.0 | 1.84 | 23.36 | 25.20 | NOTE | |
r-devel-linux-x86_64-fedora-clang | 0.1.0 | 39.36 | NOTE | |||
r-devel-linux-x86_64-fedora-gcc | 0.1.0 | 27.21 | NOTE | |||
r-devel-windows-x86_64-new-UL | 0.1.0 | 9.00 | 44.00 | 53.00 | NOTE | |
r-patched-linux-x86_64 | 0.1.0 | 1.97 | 29.32 | 31.29 | NOTE | |
r-release-linux-x86_64 | 0.1.0 | 1.76 | 28.05 | 29.81 | NOTE | |
r-release-macos-arm64 | 0.1.0 | NOTE | ||||
r-release-macos-x86_64 | 0.1.0 | NOTE | ||||
r-release-windows-ix86+x86_64 | 0.1.0 | 7.00 | 36.00 | 43.00 | NOTE | |
r-oldrel-macos-x86_64 | 0.1.0 | NOTE | ||||
r-oldrel-windows-ix86+x86_64 | 0.1.0 | 7.00 | 35.00 | 42.00 | OK |
Version: 0.1.0
Check: LazyData
Result: NOTE
'LazyData' is specified without a 'data' directory
Flavors: r-devel-linux-x86_64-debian-clang, r-devel-linux-x86_64-debian-gcc, r-devel-linux-x86_64-fedora-clang, r-devel-linux-x86_64-fedora-gcc, r-devel-windows-x86_64-new-UL, r-patched-linux-x86_64, r-release-linux-x86_64, r-release-macos-arm64, r-release-macos-x86_64, r-release-windows-ix86+x86_64
Version: 0.1.0
Check: dependencies in R code
Result: NOTE
Namespaces in Imports field not imported from:
‘DescTools’ ‘HH’ ‘datasets’ ‘dplyr’ ‘rhandsontable’ ‘shiny’
All declared Imports should be used.
Flavors: r-devel-linux-x86_64-fedora-clang, r-devel-linux-x86_64-fedora-gcc, r-release-macos-arm64, r-release-macos-x86_64, r-oldrel-macos-x86_64