CRAN Package Check Results for Package ALassoSurvIC

Last updated on 2022-04-08 01:48:39 CEST.

Flavor Version Tinstall Tcheck Ttotal Status Flags
r-devel-linux-x86_64-debian-clang 0.1.0 31.89 60.12 92.01 WARN
r-devel-linux-x86_64-debian-gcc 0.1.0 24.60 47.59 72.19 OK
r-devel-linux-x86_64-fedora-clang 0.1.0 127.02 WARN
r-devel-linux-x86_64-fedora-gcc 0.1.0 103.47 OK
r-devel-windows-x86_64-new-UL 0.1.0 50.00 103.00 153.00 OK
r-patched-linux-x86_64 0.1.0 25.55 60.81 86.36 OK
r-release-linux-x86_64 0.1.0 29.77 58.05 87.82 OK
r-release-macos-arm64 0.1.0 OK
r-release-macos-x86_64 0.1.0 OK
r-release-windows-ix86+x86_64 0.1.0 77.00 119.00 196.00 OK
r-oldrel-macos-x86_64 0.1.0 OK
r-oldrel-windows-ix86+x86_64 0.1.0 78.00 121.00 199.00 OK

Additional issues

clang14

Check Details

Version: 0.1.0
Check: whether package can be installed
Result: WARN
    Found the following significant warnings:
     fun_sublr.cpp:18:22: warning: use of bitwise '&' with boolean operands [-Wbitwise-instead-of-logical]
Flavors: r-devel-linux-x86_64-debian-clang, r-devel-linux-x86_64-fedora-clang