CRAN Package Check Results for Package ADMMsigma

Last updated on 2022-04-08 01:48:39 CEST.

Flavor Version Tinstall Tcheck Ttotal Status Flags
r-devel-linux-x86_64-debian-clang 2.1 80.73 98.53 179.26 NOTE
r-devel-linux-x86_64-debian-gcc 2.1 62.90 73.46 136.36 NOTE
r-devel-linux-x86_64-fedora-clang 2.1 240.82 NOTE
r-devel-linux-x86_64-fedora-gcc 2.1 209.25 NOTE
r-devel-windows-x86_64-new-UL 2.1 156.00 187.00 343.00 NOTE
r-patched-linux-x86_64 2.1 70.21 96.77 166.98 NOTE
r-release-linux-x86_64 2.1 70.06 71.18 141.24 NOTE
r-release-macos-arm64 2.1 NOTE
r-release-macos-x86_64 2.1 NOTE
r-release-windows-ix86+x86_64 2.1 192.00 152.00 344.00 NOTE
r-oldrel-macos-x86_64 2.1 OK
r-oldrel-windows-ix86+x86_64 2.1 193.00 119.00 312.00 OK

Check Details

Version: 2.1
Check: LazyData
Result: NOTE
     'LazyData' is specified without a 'data' directory
Flavors: r-devel-linux-x86_64-debian-clang, r-devel-linux-x86_64-debian-gcc, r-devel-linux-x86_64-fedora-clang, r-devel-linux-x86_64-fedora-gcc, r-devel-windows-x86_64-new-UL, r-patched-linux-x86_64, r-release-linux-x86_64, r-release-macos-arm64, r-release-macos-x86_64, r-release-windows-ix86+x86_64

Version: 2.1
Check: installed package size
Result: NOTE
     installed size is 5.0Mb
     sub-directories of 1Mb or more:
     libs 4.0Mb
Flavor: r-release-macos-arm64