CRAN Package Check Results for Package ACEt

Last updated on 2022-04-08 01:48:39 CEST.

Flavor Version Tinstall Tcheck Ttotal Status Flags
r-devel-linux-x86_64-debian-clang 1.8.1 89.36 59.18 148.54 OK
r-devel-linux-x86_64-debian-gcc 1.8.1 69.69 44.60 114.29 OK
r-devel-linux-x86_64-fedora-clang 1.8.1 211.03 OK
r-devel-linux-x86_64-fedora-gcc 1.8.1 172.26 OK
r-devel-windows-x86_64-new-UL 1.8.1 248.00 116.00 364.00 OK
r-patched-linux-x86_64 1.8.1 75.04 58.23 133.27 OK
r-release-linux-x86_64 1.8.1 70.16 56.45 126.61 OK
r-release-macos-arm64 1.8.1 NOTE
r-release-macos-x86_64 1.8.1 NOTE
r-release-windows-ix86+x86_64 1.8.1 189.00 93.00 282.00 OK
r-oldrel-macos-x86_64 1.8.1 NOTE
r-oldrel-windows-ix86+x86_64 1.8.1 188.00 90.00 278.00 OK

Check Details

Version: 1.8.1
Check: installed package size
Result: NOTE
     installed size is 7.1Mb
     sub-directories of 1Mb or more:
     libs 6.8Mb
Flavors: r-release-macos-arm64, r-release-macos-x86_64, r-oldrel-macos-x86_64