Last updated on 2021-11-01 00:49:58 CET.
Flavor | Version | Tinstall | Tcheck | Ttotal | Status | Flags |
---|---|---|---|---|---|---|
r-devel-linux-x86_64-debian-clang | 0.3.3 | 28.82 | 203.44 | 232.26 | OK | |
r-devel-linux-x86_64-debian-gcc | 0.3.3 | 23.68 | 164.58 | 188.26 | OK | |
r-devel-linux-x86_64-fedora-clang | 0.3.3 | 421.46 | NOTE | |||
r-devel-linux-x86_64-fedora-gcc | 0.3.3 | 276.82 | NOTE | |||
r-devel-windows-x86_64 | 0.3.3 | 52.00 | 268.00 | 320.00 | OK | |
r-devel-windows-x86_64-gcc10-UCRT | 0.3.3 | NOTE | ||||
r-patched-linux-x86_64 | 0.3.3 | 28.85 | 198.99 | 227.84 | OK | |
r-patched-solaris-x86 | 0.3.3 | 517.90 | NOTE | |||
r-release-linux-x86_64 | 0.3.3 | 27.04 | 199.23 | 226.27 | OK | |
r-release-macos-arm64 | 0.3.3 | NOTE | ||||
r-release-macos-x86_64 | 0.3.3 | NOTE | ||||
r-release-windows-ix86+x86_64 | 0.3.3 | 57.00 | 291.00 | 348.00 | OK | |
r-oldrel-macos-x86_64 | 0.3.3 | NOTE | ||||
r-oldrel-windows-ix86+x86_64 | 0.3.3 | 57.00 | 357.00 | 414.00 | OK |
Version: 0.3.3
Check: data for non-ASCII characters
Result: NOTE
Note: found 5 marked UTF-8 strings
Flavors: r-devel-linux-x86_64-fedora-clang, r-devel-linux-x86_64-fedora-gcc, r-devel-windows-x86_64-gcc10-UCRT, r-patched-solaris-x86, r-release-macos-arm64, r-release-macos-x86_64, r-oldrel-macos-x86_64