CRAN Package Check Results for Package yakmoR

Last updated on 2021-11-01 00:49:58 CET.

Flavor Version Tinstall Tcheck Ttotal Status Flags
r-devel-linux-x86_64-debian-clang 0.1.1 19.03 29.62 48.65 OK
r-devel-linux-x86_64-debian-gcc 0.1.1 15.84 23.77 39.61 OK
r-devel-linux-x86_64-fedora-clang 0.1.1 87.73 NOTE
r-devel-linux-x86_64-fedora-gcc 0.1.1 66.80 NOTE
r-devel-windows-x86_64 0.1.1 29.00 48.00 77.00 OK
r-devel-windows-x86_64-gcc10-UCRT 0.1.1 OK
r-patched-linux-x86_64 0.1.1 17.34 27.76 45.10 OK
r-patched-solaris-x86 0.1.1 81.20 WARN
r-release-linux-x86_64 0.1.1 19.21 27.84 47.05 OK
r-release-macos-arm64 0.1.1 OK
r-release-macos-x86_64 0.1.1 OK
r-release-windows-ix86+x86_64 0.1.1 40.00 57.00 97.00 OK
r-oldrel-macos-x86_64 0.1.1 OK
r-oldrel-windows-ix86+x86_64 0.1.1 41.00 78.00 119.00 OK

Check Details

Version: 0.1.1
Check: compiled code
Result: NOTE
    File ‘yakmoR/libs/yakmoR.so’:
     Found no calls to: ‘R_registerRoutines’, ‘R_useDynamicSymbols’
    
    It is good practice to register native routines and to disable symbol
    search.
    
    See ‘Writing portable packages’ in the ‘Writing R Extensions’ manual.
Flavors: r-devel-linux-x86_64-fedora-clang, r-devel-linux-x86_64-fedora-gcc

Version: 0.1.1
Check: whether package can be installed
Result: WARN
    Found the following significant warnings:
     yakmo.h:184:1: warning: ISO C++ forbids converting a string constant to ‘char*’ [-Wwrite-strings]
Flavor: r-patched-solaris-x86