CRAN Package Check Results for Package wwntests

Last updated on 2021-11-01 00:49:57 CET.

Flavor Version Tinstall Tcheck Ttotal Status Flags
r-devel-linux-x86_64-debian-clang 1.0.1 13.74 189.01 202.75 NOTE
r-devel-linux-x86_64-debian-gcc 1.0.1 11.03 138.61 149.64 NOTE
r-devel-linux-x86_64-fedora-clang 1.0.1 256.83 NOTE
r-devel-linux-x86_64-fedora-gcc 1.0.1 218.19 NOTE
r-devel-windows-x86_64 1.0.1 23.00 168.00 191.00 NOTE
r-devel-windows-x86_64-gcc10-UCRT 1.0.1 NOTE
r-patched-linux-x86_64 1.0.1 11.57 178.47 190.04 NOTE
r-patched-solaris-x86 1.0.1 289.00 NOTE
r-release-linux-x86_64 1.0.1 13.18 180.43 193.61 NOTE
r-release-macos-arm64 1.0.1 NOTE
r-release-macos-x86_64 1.0.1 NOTE
r-release-windows-ix86+x86_64 1.0.1 29.00 158.00 187.00 NOTE
r-oldrel-macos-x86_64 1.0.1 OK
r-oldrel-windows-ix86+x86_64 1.0.1 24.00 224.00 248.00 OK

Check Details

Version: 1.0.1
Check: LazyData
Result: NOTE
     'LazyData' is specified without a 'data' directory
Flavors: r-devel-linux-x86_64-debian-clang, r-devel-linux-x86_64-debian-gcc, r-devel-linux-x86_64-fedora-clang, r-devel-linux-x86_64-fedora-gcc, r-devel-windows-x86_64, r-devel-windows-x86_64-gcc10-UCRT, r-patched-linux-x86_64, r-patched-solaris-x86, r-release-linux-x86_64, r-release-macos-arm64, r-release-macos-x86_64, r-release-windows-ix86+x86_64