CRAN Package Check Results for Package wowa

Last updated on 2021-11-01 00:49:57 CET.

Flavor Version Tinstall Tcheck Ttotal Status Flags
r-devel-linux-x86_64-debian-clang 1.0.1 17.94 24.73 42.67 NOTE
r-devel-linux-x86_64-debian-gcc 1.0.1 13.81 19.68 33.49 NOTE
r-devel-linux-x86_64-fedora-clang 1.0.1 77.10 NOTE
r-devel-linux-x86_64-fedora-gcc 1.0.1 56.92 NOTE
r-devel-windows-x86_64 1.0.1 27.00 41.00 68.00 NOTE
r-devel-windows-x86_64-gcc10-UCRT 1.0.1 NOTE
r-patched-linux-x86_64 1.0.1 16.53 24.07 40.60 NOTE
r-patched-solaris-x86 1.0.1 70.70 NOTE
r-release-linux-x86_64 1.0.1 18.07 23.78 41.85 NOTE
r-release-macos-arm64 1.0.1 NOTE
r-release-macos-x86_64 1.0.1 NOTE
r-release-windows-ix86+x86_64 1.0.1 41.00 55.00 96.00 NOTE
r-oldrel-macos-x86_64 1.0.1 OK
r-oldrel-windows-ix86+x86_64 1.0.1 38.00 68.00 106.00 OK

Check Details

Version: 1.0.1
Check: LazyData
Result: NOTE
     'LazyData' is specified without a 'data' directory
Flavors: r-devel-linux-x86_64-debian-clang, r-devel-linux-x86_64-debian-gcc, r-devel-linux-x86_64-fedora-clang, r-devel-linux-x86_64-fedora-gcc, r-devel-windows-x86_64, r-devel-windows-x86_64-gcc10-UCRT, r-patched-linux-x86_64, r-patched-solaris-x86, r-release-linux-x86_64, r-release-macos-arm64, r-release-macos-x86_64, r-release-windows-ix86+x86_64