Last updated on 2021-11-01 00:49:57 CET.
Flavor | Version | Tinstall | Tcheck | Ttotal | Status | Flags |
---|---|---|---|---|---|---|
r-devel-linux-x86_64-debian-clang | 2.4.2 | 10.18 | 94.38 | 104.56 | OK | |
r-devel-linux-x86_64-debian-gcc | 2.4.2 | 8.50 | 70.15 | 78.65 | OK | |
r-devel-linux-x86_64-fedora-clang | 2.4.2 | 143.99 | NOTE | |||
r-devel-linux-x86_64-fedora-gcc | 2.4.2 | 133.94 | OK | |||
r-devel-windows-x86_64 | 2.4.2 | 19.00 | 97.00 | 116.00 | OK | |
r-devel-windows-x86_64-gcc10-UCRT | 2.4.2 | OK | ||||
r-patched-linux-x86_64 | 2.4.2 | 11.63 | 90.39 | 102.02 | OK | |
r-patched-solaris-x86 | 2.4.2 | 168.00 | OK | |||
r-release-linux-x86_64 | 2.4.2 | 10.23 | 89.66 | 99.89 | OK | |
r-release-macos-arm64 | 2.4.2 | OK | ||||
r-release-macos-x86_64 | 2.4.2 | OK | ||||
r-release-windows-ix86+x86_64 | 2.4.2 | 18.00 | 87.00 | 105.00 | OK | |
r-oldrel-macos-x86_64 | 2.4.2 | OK | ||||
r-oldrel-windows-ix86+x86_64 | 2.4.2 | 19.00 | 121.00 | 140.00 | OK |
Version: 2.4.2
Check: package dependencies
Result: NOTE
Imports includes 31 non-default packages.
Importing from so many packages makes the package vulnerable to any of
them becoming unavailable. Move as many as possible to Suggests and
use conditionally.
Flavor: r-devel-linux-x86_64-fedora-clang