Last updated on 2021-11-01 00:49:57 CET.
Flavor | Version | Tinstall | Tcheck | Ttotal | Status | Flags |
---|---|---|---|---|---|---|
r-devel-linux-x86_64-debian-clang | 0.1.4 | 7.83 | 119.62 | 127.45 | OK | |
r-devel-linux-x86_64-debian-gcc | 0.1.4 | 7.80 | 91.46 | 99.26 | OK | |
r-devel-linux-x86_64-fedora-clang | 0.1.4 | 175.05 | NOTE | |||
r-devel-linux-x86_64-fedora-gcc | 0.1.4 | 153.78 | NOTE | |||
r-devel-windows-x86_64 | 0.1.4 | 15.00 | 131.00 | 146.00 | OK | |
r-devel-windows-x86_64-gcc10-UCRT | 0.1.4 | NOTE | ||||
r-patched-linux-x86_64 | 0.1.4 | 9.07 | 117.47 | 126.54 | OK | |
r-patched-solaris-x86 | 0.1.4 | 185.50 | NOTE | |||
r-release-linux-x86_64 | 0.1.4 | 7.87 | 117.34 | 125.21 | OK | |
r-release-macos-arm64 | 0.1.4 | NOTE | ||||
r-release-macos-x86_64 | 0.1.4 | NOTE | ||||
r-release-windows-ix86+x86_64 | 0.1.4 | 14.00 | 128.00 | 142.00 | OK | |
r-oldrel-macos-x86_64 | 0.1.4 | NOTE | ||||
r-oldrel-windows-ix86+x86_64 | 0.1.4 | 17.00 | 147.00 | 164.00 | OK |
Version: 0.1.4
Check: dependencies in R code
Result: NOTE
Namespace in Imports field not imported from: ‘gapminder’
All declared Imports should be used.
Flavors: r-devel-linux-x86_64-fedora-clang, r-devel-linux-x86_64-fedora-gcc, r-devel-windows-x86_64-gcc10-UCRT, r-patched-solaris-x86, r-release-macos-arm64, r-release-macos-x86_64, r-oldrel-macos-x86_64