Last updated on 2021-11-01 00:49:57 CET.
Flavor | Version | Tinstall | Tcheck | Ttotal | Status | Flags |
---|---|---|---|---|---|---|
r-devel-linux-x86_64-debian-clang | 1.6 | 4.73 | 501.28 | 506.01 | OK | |
r-devel-linux-x86_64-debian-gcc | 1.6 | 4.33 | 355.88 | 360.21 | OK | |
r-devel-linux-x86_64-fedora-clang | 1.6 | 630.96 | NOTE | |||
r-devel-linux-x86_64-fedora-gcc | 1.6 | 337.72 | NOTE | |||
r-devel-windows-x86_64 | 1.6 | 10.00 | 431.00 | 441.00 | OK | |
r-devel-windows-x86_64-gcc10-UCRT | 1.6 | NOTE | ||||
r-patched-linux-x86_64 | 1.6 | 5.77 | 476.26 | 482.03 | OK | |
r-patched-solaris-x86 | 1.6 | 631.80 | NOTE | |||
r-release-linux-x86_64 | 1.6 | 5.29 | 467.82 | 473.11 | OK | |
r-release-macos-arm64 | 1.6 | NOTE | ||||
r-release-macos-x86_64 | 1.6 | NOTE | ||||
r-release-windows-ix86+x86_64 | 1.6 | 7.00 | 414.00 | 421.00 | OK | |
r-oldrel-macos-x86_64 | 1.6 | NOTE | ||||
r-oldrel-windows-ix86+x86_64 | 1.6 | 9.00 | 549.00 | 558.00 | OK |
Version: 1.6
Check: dependencies in R code
Result: NOTE
Namespace in Imports field not imported from: ‘rgdal’
All declared Imports should be used.
Flavors: r-devel-linux-x86_64-fedora-clang, r-devel-linux-x86_64-fedora-gcc, r-devel-windows-x86_64-gcc10-UCRT, r-patched-solaris-x86, r-release-macos-arm64, r-release-macos-x86_64, r-oldrel-macos-x86_64