Last updated on 2021-11-01 00:49:57 CET.
Flavor | Version | Tinstall | Tcheck | Ttotal | Status | Flags |
---|---|---|---|---|---|---|
r-devel-linux-x86_64-debian-clang | 0.8.0 | 16.96 | 48.61 | 65.57 | NOTE | |
r-devel-linux-x86_64-debian-gcc | 0.8.0 | 10.98 | 36.53 | 47.51 | NOTE | |
r-devel-linux-x86_64-fedora-clang | 0.8.0 | 93.17 | NOTE | |||
r-devel-linux-x86_64-fedora-gcc | 0.8.0 | 77.78 | NOTE | |||
r-devel-windows-x86_64 | 0.8.0 | 24.00 | 56.00 | 80.00 | NOTE | |
r-devel-windows-x86_64-gcc10-UCRT | 0.8.0 | NOTE | ||||
r-patched-linux-x86_64 | 0.8.0 | 16.45 | 45.91 | 62.36 | NOTE | |
r-patched-solaris-x86 | 0.8.0 | 103.00 | NOTE | |||
r-release-linux-x86_64 | 0.8.0 | 12.26 | 46.69 | 58.95 | NOTE | |
r-release-macos-arm64 | 0.8.0 | NOTE | ||||
r-release-macos-x86_64 | 0.8.0 | NOTE | ||||
r-release-windows-ix86+x86_64 | 0.8.0 | 18.00 | 52.00 | 70.00 | NOTE | |
r-oldrel-macos-x86_64 | 0.8.0 | OK | ||||
r-oldrel-windows-ix86+x86_64 | 0.8.0 | 18.00 | 76.00 | 94.00 | OK |
Version: 0.8.0
Check: LazyData
Result: NOTE
'LazyData' is specified without a 'data' directory
Flavors: r-devel-linux-x86_64-debian-clang, r-devel-linux-x86_64-debian-gcc, r-devel-linux-x86_64-fedora-clang, r-devel-linux-x86_64-fedora-gcc, r-devel-windows-x86_64, r-devel-windows-x86_64-gcc10-UCRT, r-patched-linux-x86_64, r-patched-solaris-x86, r-release-linux-x86_64, r-release-macos-arm64, r-release-macos-x86_64, r-release-windows-ix86+x86_64