Last updated on 2021-11-01 00:49:57 CET.
Flavor | Version | Tinstall | Tcheck | Ttotal | Status | Flags |
---|---|---|---|---|---|---|
r-devel-linux-x86_64-debian-clang | 1.1.1 | 8.17 | 65.33 | 73.50 | OK | |
r-devel-linux-x86_64-debian-gcc | 1.1.1 | 6.58 | 48.55 | 55.13 | OK | |
r-devel-linux-x86_64-fedora-clang | 1.1.1 | 103.36 | OK | |||
r-devel-linux-x86_64-fedora-gcc | 1.1.1 | 80.65 | OK | |||
r-devel-windows-x86_64 | 1.1.1 | 13.00 | 73.00 | 86.00 | OK | |
r-devel-windows-x86_64-gcc10-UCRT | 1.1.1 | OK | ||||
r-patched-linux-x86_64 | 1.1.1 | 9.91 | 61.26 | 71.17 | OK | |
r-patched-solaris-x86 | 1.1.1 | 115.70 | NOTE | |||
r-release-linux-x86_64 | 1.1.1 | 6.60 | 61.87 | 68.47 | OK | |
r-release-macos-arm64 | 1.1.1 | OK | ||||
r-release-macos-x86_64 | 1.1.1 | OK | ||||
r-release-windows-ix86+x86_64 | 1.1.1 | 14.00 | 61.00 | 75.00 | OK | |
r-oldrel-macos-x86_64 | 1.1.1 | OK | ||||
r-oldrel-windows-ix86+x86_64 | 1.1.1 | 12.00 | 76.00 | 88.00 | OK |
Version: 1.1.1
Check: package dependencies
Result: NOTE
Package suggested but not available for checking: ‘rcdk’
Flavor: r-patched-solaris-x86