CRAN Package Check Results for Package wbsd

Last updated on 2021-11-01 00:49:57 CET.

Flavor Version Tinstall Tcheck Ttotal Status Flags
r-devel-linux-x86_64-debian-clang 1.0.0 39.18 28.70 67.88 OK
r-devel-linux-x86_64-debian-gcc 1.0.0 30.22 23.63 53.85 OK
r-devel-linux-x86_64-fedora-clang 1.0.0 122.45 OK
r-devel-linux-x86_64-fedora-gcc 1.0.0 93.93 OK
r-devel-windows-x86_64 1.0.0 53.00 50.00 103.00 OK
r-devel-windows-x86_64-gcc10-UCRT 1.0.0 OK
r-patched-linux-x86_64 1.0.0 35.24 28.80 64.04 OK
r-patched-solaris-x86 1.0.0 94.20 OK
r-release-linux-x86_64 1.0.0 35.21 28.76 63.97 OK
r-release-macos-arm64 1.0.0 NOTE
r-release-macos-x86_64 1.0.0 NOTE
r-release-windows-ix86+x86_64 1.0.0 78.00 62.00 140.00 OK
r-oldrel-macos-x86_64 1.0.0 NOTE
r-oldrel-windows-ix86+x86_64 1.0.0 78.00 74.00 152.00 OK

Check Details

Version: 1.0.0
Check: installed package size
Result: NOTE
     installed size is 6.2Mb
     sub-directories of 1Mb or more:
     libs 6.1Mb
Flavors: r-release-macos-arm64, r-release-macos-x86_64, r-oldrel-macos-x86_64