CRAN Package Check Results for Package waver

Last updated on 2021-11-01 00:49:57 CET.

Flavor Version Tinstall Tcheck Ttotal Status Flags
r-devel-linux-x86_64-debian-clang 0.2.1 4.11 48.68 52.79 NOTE
r-devel-linux-x86_64-debian-gcc 0.2.1 3.30 38.69 41.99 NOTE
r-devel-linux-x86_64-fedora-clang 0.2.1 75.37 NOTE
r-devel-linux-x86_64-fedora-gcc 0.2.1 60.27 NOTE
r-devel-windows-x86_64 0.2.1 7.00 52.00 59.00 NOTE
r-devel-windows-x86_64-gcc10-UCRT 0.2.1 NOTE
r-patched-linux-x86_64 0.2.1 3.86 47.73 51.59 NOTE
r-patched-solaris-x86 0.2.1 93.60 NOTE
r-release-linux-x86_64 0.2.1 3.72 48.03 51.75 NOTE
r-release-macos-arm64 0.2.1 NOTE
r-release-macos-x86_64 0.2.1 NOTE
r-release-windows-ix86+x86_64 0.2.1 7.00 52.00 59.00 NOTE
r-oldrel-macos-x86_64 0.2.1 OK
r-oldrel-windows-ix86+x86_64 0.2.1 7.00 78.00 85.00 OK

Check Details

Version: 0.2.1
Check: LazyData
Result: NOTE
     'LazyData' is specified without a 'data' directory
Flavors: r-devel-linux-x86_64-debian-clang, r-devel-linux-x86_64-debian-gcc, r-devel-linux-x86_64-fedora-clang, r-devel-linux-x86_64-fedora-gcc, r-devel-windows-x86_64, r-devel-windows-x86_64-gcc10-UCRT, r-patched-linux-x86_64, r-patched-solaris-x86, r-release-linux-x86_64, r-release-macos-arm64, r-release-macos-x86_64, r-release-windows-ix86+x86_64