CRAN Package Check Results for Package wTO

Last updated on 2021-11-01 00:49:57 CET.

Flavor Version Tinstall Tcheck Ttotal Status Flags
r-devel-linux-x86_64-debian-clang 1.6.3 5.94 64.86 70.80 NOTE
r-devel-linux-x86_64-debian-gcc 1.6.3 3.95 49.11 53.06 NOTE
r-devel-linux-x86_64-fedora-clang 1.6.3 93.32 NOTE
r-devel-linux-x86_64-fedora-gcc 1.6.3 79.66 NOTE
r-devel-windows-x86_64 1.6.3 9.00 63.00 72.00 NOTE
r-devel-windows-x86_64-gcc10-UCRT 1.6.3 NOTE
r-patched-linux-x86_64 1.6.3 5.66 59.85 65.51 NOTE
r-patched-solaris-x86 1.6.3 117.50 NOTE
r-release-linux-x86_64 1.6.3 5.15 61.37 66.52 NOTE
r-release-macos-arm64 1.6.3 NOTE
r-release-macos-x86_64 1.6.3 NOTE
r-release-windows-ix86+x86_64 1.6.3 9.00 65.00 74.00 NOTE
r-oldrel-macos-x86_64 1.6.3 NOTE
r-oldrel-windows-ix86+x86_64 1.6.3 10.00 91.00 101.00 NOTE

Check Details

Version: 1.6.3
Check: package vignettes
Result: NOTE
    Package vignette with placeholder title 'Vignette Title':
     'wTOvignette.Rmd'
Flavors: r-devel-linux-x86_64-debian-clang, r-devel-linux-x86_64-debian-gcc, r-devel-windows-x86_64, r-patched-linux-x86_64, r-release-linux-x86_64, r-release-windows-ix86+x86_64, r-oldrel-windows-ix86+x86_64

Version: 1.6.3
Check: dependencies in R code
Result: NOTE
    Namespace in Imports field not imported from: ‘shiny’
     All declared Imports should be used.
Flavors: r-devel-linux-x86_64-fedora-clang, r-devel-linux-x86_64-fedora-gcc, r-devel-windows-x86_64-gcc10-UCRT, r-patched-solaris-x86, r-release-macos-arm64, r-release-macos-x86_64, r-oldrel-macos-x86_64