Last updated on 2021-11-01 00:49:57 CET.
Flavor | Version | Tinstall | Tcheck | Ttotal | Status | Flags |
---|---|---|---|---|---|---|
r-devel-linux-x86_64-debian-clang | 0.2.2 | 9.51 | 333.58 | 343.09 | OK | |
r-devel-linux-x86_64-debian-gcc | 0.2.2 | 7.15 | 245.40 | 252.55 | OK | |
r-devel-linux-x86_64-fedora-clang | 0.2.2 | 422.92 | NOTE | |||
r-devel-linux-x86_64-fedora-gcc | 0.2.2 | 399.77 | NOTE | |||
r-devel-windows-x86_64 | 0.2.2 | 15.00 | 286.00 | 301.00 | OK | |
r-devel-windows-x86_64-gcc10-UCRT | 0.2.2 | NOTE | ||||
r-patched-linux-x86_64 | 0.2.2 | 9.10 | 305.76 | 314.86 | OK | |
r-patched-solaris-x86 | 0.2.2 | 339.70 | NOTE | |||
r-release-linux-x86_64 | 0.2.2 | 7.00 | 304.57 | 311.57 | OK | |
r-release-macos-arm64 | 0.2.2 | NOTE | ||||
r-release-macos-x86_64 | 0.2.2 | NOTE | ||||
r-release-windows-ix86+x86_64 | 0.2.2 | 17.00 | 266.00 | 283.00 | OK | |
r-oldrel-macos-x86_64 | 0.2.2 | NOTE | ||||
r-oldrel-windows-ix86+x86_64 | 0.2.2 | 19.00 | 371.00 | 390.00 | OK |
Version: 0.2.2
Check: dependencies in R code
Result: NOTE
Namespaces in Imports field not imported from:
‘RColorBrewer’ ‘colorspace’ ‘tidyr’
All declared Imports should be used.
Flavors: r-devel-linux-x86_64-fedora-clang, r-devel-linux-x86_64-fedora-gcc, r-devel-windows-x86_64-gcc10-UCRT, r-patched-solaris-x86, r-release-macos-arm64, r-release-macos-x86_64, r-oldrel-macos-x86_64