Last updated on 2021-11-01 00:49:57 CET.
Flavor | Version | Tinstall | Tcheck | Ttotal | Status | Flags |
---|---|---|---|---|---|---|
r-devel-linux-x86_64-debian-clang | 0.3 | 1.96 | 19.38 | 21.34 | NOTE | |
r-devel-linux-x86_64-debian-gcc | 0.3 | 1.60 | 15.26 | 16.86 | NOTE | |
r-devel-linux-x86_64-fedora-clang | 0.3 | 38.51 | NOTE | |||
r-devel-linux-x86_64-fedora-gcc | 0.3 | 25.98 | NOTE | |||
r-devel-windows-x86_64 | 0.3 | 3.00 | 29.00 | 32.00 | NOTE | |
r-devel-windows-x86_64-gcc10-UCRT | 0.3 | NOTE | ||||
r-patched-linux-x86_64 | 0.3 | 1.95 | 18.83 | 20.78 | NOTE | |
r-patched-solaris-x86 | 0.3 | 42.60 | NOTE | |||
r-release-linux-x86_64 | 0.3 | 1.66 | 19.24 | 20.90 | NOTE | |
r-release-macos-arm64 | 0.3 | NOTE | ||||
r-release-macos-x86_64 | 0.3 | NOTE | ||||
r-release-windows-ix86+x86_64 | 0.3 | 5.00 | 26.00 | 31.00 | NOTE | |
r-oldrel-macos-x86_64 | 0.3 | OK | ||||
r-oldrel-windows-ix86+x86_64 | 0.3 | 4.00 | 25.00 | 29.00 | OK |
Version: 0.3
Check: LazyData
Result: NOTE
'LazyData' is specified without a 'data' directory
Flavors: r-devel-linux-x86_64-debian-clang, r-devel-linux-x86_64-debian-gcc, r-devel-linux-x86_64-fedora-clang, r-devel-linux-x86_64-fedora-gcc, r-devel-windows-x86_64, r-devel-windows-x86_64-gcc10-UCRT, r-patched-linux-x86_64, r-patched-solaris-x86, r-release-linux-x86_64, r-release-macos-arm64, r-release-macos-x86_64, r-release-windows-ix86+x86_64