CRAN Package Check Results for Package validatetools

Last updated on 2021-11-01 00:49:57 CET.

Flavor Version Tinstall Tcheck Ttotal Status Flags
r-devel-linux-x86_64-debian-clang 0.5.0 4.68 54.37 59.05 NOTE
r-devel-linux-x86_64-debian-gcc 0.5.0 4.21 41.72 45.93 NOTE
r-devel-linux-x86_64-fedora-clang 0.5.0 85.41 NOTE
r-devel-linux-x86_64-fedora-gcc 0.5.0 71.34 NOTE
r-devel-windows-x86_64 0.5.0 8.00 57.00 65.00 NOTE
r-devel-windows-x86_64-gcc10-UCRT 0.5.0 NOTE
r-patched-linux-x86_64 0.5.0 6.78 52.44 59.22 NOTE
r-patched-solaris-x86 0.5.0 99.20 NOTE
r-release-linux-x86_64 0.5.0 5.06 52.95 58.01 NOTE
r-release-macos-arm64 0.5.0 NOTE
r-release-macos-x86_64 0.5.0 NOTE
r-release-windows-ix86+x86_64 0.5.0 9.00 58.00 67.00 NOTE
r-oldrel-macos-x86_64 0.5.0 OK
r-oldrel-windows-ix86+x86_64 0.5.0 10.00 78.00 88.00 OK

Check Details

Version: 0.5.0
Check: LazyData
Result: NOTE
     'LazyData' is specified without a 'data' directory
Flavors: r-devel-linux-x86_64-debian-clang, r-devel-linux-x86_64-debian-gcc, r-devel-linux-x86_64-fedora-clang, r-devel-linux-x86_64-fedora-gcc, r-devel-windows-x86_64, r-devel-windows-x86_64-gcc10-UCRT, r-patched-linux-x86_64, r-patched-solaris-x86, r-release-linux-x86_64, r-release-macos-arm64, r-release-macos-x86_64, r-release-windows-ix86+x86_64