Last updated on 2021-11-01 00:49:57 CET.
Flavor | Version | Tinstall | Tcheck | Ttotal | Status | Flags |
---|---|---|---|---|---|---|
r-devel-linux-x86_64-debian-clang | 1.7.3 | 62.16 | 33.87 | 96.03 | OK | |
r-devel-linux-x86_64-debian-gcc | 1.7.3 | 50.70 | 26.74 | 77.44 | OK | |
r-devel-linux-x86_64-fedora-clang | 1.7.3 | 175.88 | NOTE | |||
r-devel-linux-x86_64-fedora-gcc | 1.7.3 | 139.48 | NOTE | |||
r-devel-windows-x86_64 | 1.7.3 | 89.00 | 58.00 | 147.00 | OK | |
r-devel-windows-x86_64-gcc10-UCRT | 1.7.3 | NOTE | ||||
r-patched-linux-x86_64 | 1.7.3 | 61.02 | 32.59 | 93.61 | OK | |
r-patched-solaris-x86 | 1.7.3 | 143.20 | NOTE | |||
r-release-linux-x86_64 | 1.7.3 | 58.67 | 32.61 | 91.28 | OK | |
r-release-macos-arm64 | 1.7.3 | NOTE | ||||
r-release-macos-x86_64 | 1.7.3 | NOTE | ||||
r-release-windows-ix86+x86_64 | 1.7.3 | 133.00 | 77.00 | 210.00 | OK | |
r-oldrel-macos-x86_64 | 1.7.3 | NOTE | ||||
r-oldrel-windows-ix86+x86_64 | 1.7.3 | 131.00 | 85.00 | 216.00 | OK |
Version: 1.7.3
Check: Rd cross-references
Result: NOTE
Undeclared package ‘httr’ in Rd xrefs
Flavor: r-devel-linux-x86_64-fedora-clang
Version: 1.7.3
Check: data for non-ASCII characters
Result: NOTE
Note: found 488 marked UTF-8 strings
Flavors: r-devel-linux-x86_64-fedora-clang, r-devel-linux-x86_64-fedora-gcc, r-devel-windows-x86_64-gcc10-UCRT, r-patched-solaris-x86, r-release-macos-arm64, r-release-macos-x86_64, r-oldrel-macos-x86_64