CRAN Package Check Results for Package uptasticsearch

Last updated on 2021-11-01 00:49:57 CET.

Flavor Version Tinstall Tcheck Ttotal Status Flags
r-devel-linux-x86_64-debian-clang 0.4.0 4.23 39.27 43.50 NOTE
r-devel-linux-x86_64-debian-gcc 0.4.0 3.01 29.40 32.41 NOTE
r-devel-linux-x86_64-fedora-clang 0.4.0 67.76 NOTE
r-devel-linux-x86_64-fedora-gcc 0.4.0 62.01 NOTE
r-devel-windows-x86_64 0.4.0 7.00 48.00 55.00 NOTE
r-devel-windows-x86_64-gcc10-UCRT 0.4.0 NOTE
r-patched-linux-x86_64 0.4.0 4.10 37.09 41.19 NOTE
r-patched-solaris-x86 0.4.0 75.60 NOTE
r-release-linux-x86_64 0.4.0 3.96 37.00 40.96 NOTE
r-release-macos-arm64 0.4.0 NOTE
r-release-macos-x86_64 0.4.0 NOTE
r-release-windows-ix86+x86_64 0.4.0 6.00 45.00 51.00 NOTE
r-oldrel-macos-x86_64 0.4.0 OK
r-oldrel-windows-ix86+x86_64 0.4.0 7.00 64.00 71.00 OK

Check Details

Version: 0.4.0
Check: LazyData
Result: NOTE
     'LazyData' is specified without a 'data' directory
Flavors: r-devel-linux-x86_64-debian-clang, r-devel-linux-x86_64-debian-gcc, r-devel-linux-x86_64-fedora-clang, r-devel-linux-x86_64-fedora-gcc, r-devel-windows-x86_64, r-devel-windows-x86_64-gcc10-UCRT, r-patched-linux-x86_64, r-patched-solaris-x86, r-release-linux-x86_64, r-release-macos-arm64, r-release-macos-x86_64, r-release-windows-ix86+x86_64