Last updated on 2021-11-01 00:49:57 CET.
Flavor | Version | Tinstall | Tcheck | Ttotal | Status | Flags |
---|---|---|---|---|---|---|
r-devel-linux-x86_64-debian-clang | 1.1.0 | 7.63 | 23.68 | 31.31 | NOTE | |
r-devel-linux-x86_64-debian-gcc | 1.1.0 | 5.33 | 19.18 | 24.51 | NOTE | |
r-devel-linux-x86_64-fedora-clang | 1.1.0 | 54.37 | NOTE | |||
r-devel-linux-x86_64-fedora-gcc | 1.1.0 | 39.56 | NOTE | |||
r-devel-windows-x86_64 | 1.1.0 | 16.00 | 41.00 | 57.00 | NOTE | |
r-devel-windows-x86_64-gcc10-UCRT | 1.1.0 | NOTE | ||||
r-patched-linux-x86_64 | 1.1.0 | 6.54 | 23.31 | 29.85 | NOTE | |
r-patched-solaris-x86 | 1.1.0 | 67.80 | NOTE | |||
r-release-linux-x86_64 | 1.1.0 | 6.33 | 23.27 | 29.60 | NOTE | |
r-release-macos-arm64 | 1.1.0 | NOTE | ||||
r-release-macos-x86_64 | 1.1.0 | NOTE | ||||
r-release-windows-ix86+x86_64 | 1.1.0 | 25.00 | 48.00 | 73.00 | NOTE | |
r-oldrel-macos-x86_64 | 1.1.0 | NOTE | ||||
r-oldrel-windows-ix86+x86_64 | 1.1.0 | 24.00 | 59.00 | 83.00 | NOTE |
Version: 1.1.0
Check: for GNU extensions in Makefiles
Result: NOTE
GNU make is a SystemRequirements.
Flavors: r-devel-linux-x86_64-debian-clang, r-devel-linux-x86_64-debian-gcc, r-devel-linux-x86_64-fedora-clang, r-devel-linux-x86_64-fedora-gcc, r-devel-windows-x86_64, r-devel-windows-x86_64-gcc10-UCRT, r-patched-linux-x86_64, r-patched-solaris-x86, r-release-linux-x86_64, r-release-macos-arm64, r-release-macos-x86_64, r-release-windows-ix86+x86_64, r-oldrel-macos-x86_64, r-oldrel-windows-ix86+x86_64