CRAN Package Check Results for Package tweenr

Last updated on 2021-11-01 00:49:57 CET.

Flavor Version Tinstall Tcheck Ttotal Status Flags
r-devel-linux-x86_64-debian-clang 1.0.2 28.80 38.94 67.74 NOTE
r-devel-linux-x86_64-debian-gcc 1.0.2 21.84 30.39 52.23 NOTE
r-devel-linux-x86_64-fedora-clang 1.0.2 116.66 NOTE
r-devel-linux-x86_64-fedora-gcc 1.0.2 87.00 NOTE
r-devel-windows-x86_64 1.0.2 37.00 55.00 92.00 NOTE
r-devel-windows-x86_64-gcc10-UCRT 1.0.2 NOTE
r-patched-linux-x86_64 1.0.2 26.25 37.90 64.15 NOTE
r-patched-solaris-x86 1.0.2 99.10 NOTE
r-release-linux-x86_64 1.0.2 24.69 37.85 62.54 NOTE
r-release-macos-arm64 1.0.2 NOTE
r-release-macos-x86_64 1.0.2 NOTE
r-release-windows-ix86+x86_64 1.0.2 58.00 68.00 126.00 NOTE
r-oldrel-macos-x86_64 1.0.2 OK
r-oldrel-windows-ix86+x86_64 1.0.2 57.00 82.00 139.00 OK

Check Details

Version: 1.0.2
Check: LazyData
Result: NOTE
     'LazyData' is specified without a 'data' directory
Flavors: r-devel-linux-x86_64-debian-clang, r-devel-linux-x86_64-debian-gcc, r-devel-linux-x86_64-fedora-clang, r-devel-linux-x86_64-fedora-gcc, r-devel-windows-x86_64, r-devel-windows-x86_64-gcc10-UCRT, r-patched-linux-x86_64, r-patched-solaris-x86, r-release-linux-x86_64, r-release-macos-arm64, r-release-macos-x86_64, r-release-windows-ix86+x86_64