Last updated on 2021-11-01 00:49:57 CET.
Flavor | Version | Tinstall | Tcheck | Ttotal | Status | Flags |
---|---|---|---|---|---|---|
r-devel-linux-x86_64-debian-clang | 1.1.1 | 6.73 | 89.35 | 96.08 | NOTE | |
r-devel-linux-x86_64-debian-gcc | 1.1.1 | 5.56 | 65.58 | 71.14 | NOTE | |
r-devel-linux-x86_64-fedora-clang | 1.1.1 | 131.01 | NOTE | |||
r-devel-linux-x86_64-fedora-gcc | 1.1.1 | 109.98 | NOTE | |||
r-devel-windows-x86_64 | 1.1.1 | 12.00 | 91.00 | 103.00 | NOTE | |
r-devel-windows-x86_64-gcc10-UCRT | 1.1.1 | NOTE | ||||
r-patched-linux-x86_64 | 1.1.1 | 6.95 | 84.97 | 91.92 | NOTE | |
r-patched-solaris-x86 | 1.1.1 | 152.40 | NOTE | |||
r-release-linux-x86_64 | 1.1.1 | 5.90 | 85.36 | 91.26 | NOTE | |
r-release-macos-arm64 | 1.1.1 | NOTE | ||||
r-release-macos-x86_64 | 1.1.1 | NOTE | ||||
r-release-windows-ix86+x86_64 | 1.1.1 | 12.00 | 87.00 | 99.00 | NOTE | |
r-oldrel-macos-x86_64 | 1.1.1 | OK | ||||
r-oldrel-windows-ix86+x86_64 | 1.1.1 | 13.00 | 126.00 | 139.00 | OK |
Version: 1.1.1
Check: LazyData
Result: NOTE
'LazyData' is specified without a 'data' directory
Flavors: r-devel-linux-x86_64-debian-clang, r-devel-linux-x86_64-debian-gcc, r-devel-linux-x86_64-fedora-clang, r-devel-linux-x86_64-fedora-gcc, r-devel-windows-x86_64, r-devel-windows-x86_64-gcc10-UCRT, r-patched-linux-x86_64, r-patched-solaris-x86, r-release-linux-x86_64, r-release-macos-arm64, r-release-macos-x86_64, r-release-windows-ix86+x86_64
Version: 1.1.1
Check: installed package size
Result: NOTE
installed size is 5.3Mb
sub-directories of 1Mb or more:
doc 1.5Mb
fonts 2.9Mb
Flavor: r-patched-solaris-x86