Last updated on 2021-11-01 00:49:56 CET.
Flavor | Version | Tinstall | Tcheck | Ttotal | Status | Flags |
---|---|---|---|---|---|---|
r-devel-linux-x86_64-debian-clang | 0.4.14 | 53.30 | 110.86 | 164.16 | NOTE | |
r-devel-linux-x86_64-debian-gcc | 0.4.14 | 42.38 | 83.46 | 125.84 | NOTE | |
r-devel-linux-x86_64-fedora-clang | 0.4.14 | 239.97 | NOTE | |||
r-devel-linux-x86_64-fedora-gcc | 0.4.14 | 203.57 | NOTE | |||
r-devel-windows-x86_64 | 0.4.14 | 71.00 | 114.00 | 185.00 | NOTE | |
r-devel-windows-x86_64-gcc10-UCRT | 0.4.14 | NOTE | ||||
r-patched-linux-x86_64 | 0.4.14 | 52.25 | 108.10 | 160.35 | NOTE | |
r-patched-solaris-x86 | 0.4.14 | 222.20 | NOTE | |||
r-release-linux-x86_64 | 0.4.14 | 51.77 | 107.66 | 159.43 | NOTE | |
r-release-macos-arm64 | 0.4.14 | NOTE | ||||
r-release-macos-x86_64 | 0.4.14 | NOTE | ||||
r-release-windows-ix86+x86_64 | 0.4.14 | 83.00 | 141.00 | 224.00 | NOTE | |
r-oldrel-macos-x86_64 | 0.4.14 | NOTE | ||||
r-oldrel-windows-ix86+x86_64 | 0.4.14 | 87.00 | 199.00 | 286.00 | NOTE |
Version: 0.4.14
Check: for GNU extensions in Makefiles
Result: NOTE
GNU make is a SystemRequirements.
Flavors: r-devel-linux-x86_64-debian-clang, r-devel-linux-x86_64-debian-gcc, r-devel-linux-x86_64-fedora-clang, r-devel-linux-x86_64-fedora-gcc, r-devel-windows-x86_64, r-devel-windows-x86_64-gcc10-UCRT, r-patched-linux-x86_64, r-patched-solaris-x86, r-release-linux-x86_64, r-release-macos-arm64, r-release-macos-x86_64, r-release-windows-ix86+x86_64, r-oldrel-macos-x86_64, r-oldrel-windows-ix86+x86_64
Version: 0.4.14
Check: installed package size
Result: NOTE
installed size is 8.2Mb
sub-directories of 1Mb or more:
data 4.6Mb
libs 2.2Mb
Flavors: r-devel-linux-x86_64-fedora-clang, r-devel-windows-x86_64, r-patched-solaris-x86, r-release-macos-arm64, r-release-macos-x86_64, r-release-windows-ix86+x86_64, r-oldrel-macos-x86_64, r-oldrel-windows-ix86+x86_64