CRAN Package Check Results for Package triebeard

Last updated on 2021-11-01 00:49:56 CET.

Flavor Version Tinstall Tcheck Ttotal Status Flags
r-devel-linux-x86_64-debian-clang 0.3.0 76.56 30.81 107.37 NOTE
r-devel-linux-x86_64-debian-gcc 0.3.0 55.42 24.72 80.14 NOTE
r-devel-linux-x86_64-fedora-clang 0.3.0 195.07 NOTE
r-devel-linux-x86_64-fedora-gcc 0.3.0 152.22 NOTE
r-devel-windows-x86_64 0.3.0 101.00 55.00 156.00 NOTE
r-devel-windows-x86_64-gcc10-UCRT 0.3.0 NOTE
r-patched-linux-x86_64 0.3.0 68.70 30.94 99.64 NOTE
r-patched-solaris-x86 0.3.0 143.60 NOTE
r-release-linux-x86_64 0.3.0 70.98 31.00 101.98 NOTE
r-release-macos-arm64 0.3.0 NOTE
r-release-macos-x86_64 0.3.0 NOTE
r-release-windows-ix86+x86_64 0.3.0 149.00 62.00 211.00 NOTE
r-oldrel-macos-x86_64 0.3.0 OK
r-oldrel-windows-ix86+x86_64 0.3.0 141.00 84.00 225.00 OK

Check Details

Version: 0.3.0
Check: LazyData
Result: NOTE
     'LazyData' is specified without a 'data' directory
Flavors: r-devel-linux-x86_64-debian-clang, r-devel-linux-x86_64-debian-gcc, r-devel-linux-x86_64-fedora-clang, r-devel-linux-x86_64-fedora-gcc, r-devel-windows-x86_64, r-devel-windows-x86_64-gcc10-UCRT, r-patched-linux-x86_64, r-patched-solaris-x86, r-release-linux-x86_64, r-release-macos-arm64, r-release-macos-x86_64, r-release-windows-ix86+x86_64

Version: 0.3.0
Check: compiled code
Result: NOTE
    File ‘triebeard/libs/triebeard.so’:
     Found no calls to: ‘R_registerRoutines’, ‘R_useDynamicSymbols’
    
    It is good practice to register native routines and to disable symbol
    search.
    
    See ‘Writing portable packages’ in the ‘Writing R Extensions’ manual.
Flavors: r-devel-linux-x86_64-fedora-clang, r-devel-linux-x86_64-fedora-gcc