CRAN Package Check Results for Package treetop

Last updated on 2021-11-01 00:49:56 CET.

Flavor Version Tinstall Tcheck Ttotal Status Flags
r-devel-linux-x86_64-debian-clang 0.0.1 33.73 302.51 336.24 NOTE
r-devel-linux-x86_64-debian-gcc 0.0.1 29.45 230.17 259.62 NOTE
r-devel-linux-x86_64-fedora-clang 0.0.1 430.75 NOTE
r-devel-linux-x86_64-fedora-gcc 0.0.1 401.63 NOTE
r-devel-windows-x86_64 0.0.1 51.00 234.00 285.00 NOTE
r-devel-windows-x86_64-gcc10-UCRT 0.0.1 NOTE
r-patched-linux-x86_64 0.0.1 31.75 290.62 322.37 NOTE
r-patched-solaris-x86 0.0.1 523.30 NOTE
r-release-linux-x86_64 0.0.1 33.01 287.52 320.53 NOTE
r-release-macos-arm64 0.0.1 NOTE
r-release-macos-x86_64 0.0.1 NOTE
r-release-windows-ix86+x86_64 0.0.1 58.00 234.00 292.00 NOTE
r-oldrel-macos-x86_64 0.0.1 NOTE
r-oldrel-windows-ix86+x86_64 0.0.1 61.00 289.00 350.00 OK

Check Details

Version: 0.0.1
Check: LazyData
Result: NOTE
     'LazyData' is specified without a 'data' directory
Flavors: r-devel-linux-x86_64-debian-clang, r-devel-linux-x86_64-debian-gcc, r-devel-linux-x86_64-fedora-clang, r-devel-linux-x86_64-fedora-gcc, r-devel-windows-x86_64, r-devel-windows-x86_64-gcc10-UCRT, r-patched-linux-x86_64, r-patched-solaris-x86, r-release-linux-x86_64, r-release-macos-arm64, r-release-macos-x86_64, r-release-windows-ix86+x86_64

Version: 0.0.1
Check: dependencies in R code
Result: NOTE
    Namespace in Imports field not imported from: ‘maptools’
     All declared Imports should be used.
Flavors: r-devel-linux-x86_64-fedora-clang, r-devel-linux-x86_64-fedora-gcc, r-devel-windows-x86_64-gcc10-UCRT, r-patched-solaris-x86, r-release-macos-arm64, r-release-macos-x86_64, r-oldrel-macos-x86_64