CRAN Package Check Results for Package treenomial

Last updated on 2021-11-01 00:49:56 CET.

Flavor Version Tinstall Tcheck Ttotal Status Flags
r-devel-linux-x86_64-debian-clang 1.1.3 78.97 40.09 119.06 OK
r-devel-linux-x86_64-debian-gcc 1.1.3 64.12 31.23 95.35 OK
r-devel-linux-x86_64-fedora-clang 1.1.3 219.07 NOTE
r-devel-linux-x86_64-fedora-gcc 1.1.3 173.05 OK
r-devel-windows-x86_64 1.1.3 110.00 55.00 165.00 OK
r-devel-windows-x86_64-gcc10-UCRT 1.1.3 OK
r-patched-linux-x86_64 1.1.3 72.79 38.94 111.73 OK
r-patched-solaris-x86 1.1.3 160.40 OK
r-release-linux-x86_64 1.1.3 76.23 39.80 116.03 OK
r-release-macos-arm64 1.1.3 NOTE
r-release-macos-x86_64 1.1.3 NOTE
r-release-windows-ix86+x86_64 1.1.3 157.00 74.00 231.00 OK
r-oldrel-macos-x86_64 1.1.3 NOTE
r-oldrel-windows-ix86+x86_64 1.1.3 150.00 106.00 256.00 OK

Check Details

Version: 1.1.3
Check: installed package size
Result: NOTE
     installed size is 5.9Mb
     sub-directories of 1Mb or more:
     libs 5.7Mb
Flavors: r-devel-linux-x86_64-fedora-clang, r-release-macos-arm64, r-release-macos-x86_64, r-oldrel-macos-x86_64