CRAN Package Check Results for Package transport

Last updated on 2021-11-01 00:49:56 CET.

Flavor Version Tinstall Tcheck Ttotal Status Flags
r-devel-linux-x86_64-debian-clang 0.12-2 87.95 73.94 161.89 OK
r-devel-linux-x86_64-debian-gcc 0.12-2 62.32 55.01 117.33 OK
r-devel-linux-x86_64-fedora-clang 0.12-2 269.49 NOTE
r-devel-linux-x86_64-fedora-gcc 0.12-2 206.81 OK
r-devel-windows-x86_64 0.12-2 116.00 84.00 200.00 OK
r-devel-windows-x86_64-gcc10-UCRT 0.12-2 OK
r-patched-linux-x86_64 0.12-2 75.33 70.14 145.47 OK
r-patched-solaris-x86 0.12-2 227.10 OK
r-release-linux-x86_64 0.12-2 71.08 70.99 142.07 OK
r-release-macos-arm64 0.12-2 NOTE
r-release-macos-x86_64 0.12-2 NOTE
r-release-windows-ix86+x86_64 0.12-2 166.00 112.00 278.00 OK
r-oldrel-macos-x86_64 0.12-2 NOTE
r-oldrel-windows-ix86+x86_64 0.12-2 163.00 153.00 316.00 OK

Check Details

Version: 0.12-2
Check: installed package size
Result: NOTE
     installed size is 5.8Mb
     sub-directories of 1Mb or more:
     libs 5.2Mb
Flavors: r-devel-linux-x86_64-fedora-clang, r-release-macos-arm64, r-release-macos-x86_64, r-oldrel-macos-x86_64