CRAN Package Check Results for Package trajectories

Last updated on 2021-11-01 00:49:56 CET.

Flavor Version Tinstall Tcheck Ttotal Status Flags
r-devel-linux-x86_64-debian-clang 0.2-3 11.01 167.10 178.11 NOTE
r-devel-linux-x86_64-debian-gcc 0.2-3 10.76 127.01 137.77 NOTE
r-devel-linux-x86_64-fedora-clang 0.2-3 242.14 NOTE
r-devel-linux-x86_64-fedora-gcc 0.2-3 217.70 NOTE
r-devel-windows-x86_64 0.2-3 19.00 161.00 180.00 NOTE
r-devel-windows-x86_64-gcc10-UCRT 0.2-3 NOTE
r-patched-linux-x86_64 0.2-3 13.99 161.60 175.59 NOTE
r-patched-solaris-x86 0.2-3 296.60 NOTE
r-release-linux-x86_64 0.2-3 12.91 163.22 176.13 NOTE
r-release-macos-arm64 0.2-3 NOTE
r-release-macos-x86_64 0.2-3 NOTE
r-release-windows-ix86+x86_64 0.2-3 18.00 158.00 176.00 NOTE
r-oldrel-macos-x86_64 0.2-3 NOTE
r-oldrel-windows-ix86+x86_64 0.2-3 15.00 229.00 244.00 NOTE

Check Details

Version: 0.2-3
Check: package dependencies
Result: NOTE
    Package suggested but not available for checking: 'taxidata'
Flavors: r-devel-linux-x86_64-debian-clang, r-devel-linux-x86_64-debian-gcc, r-devel-linux-x86_64-fedora-clang, r-devel-linux-x86_64-fedora-gcc, r-devel-windows-x86_64, r-devel-windows-x86_64-gcc10-UCRT, r-patched-linux-x86_64, r-patched-solaris-x86, r-release-linux-x86_64, r-release-macos-arm64, r-release-macos-x86_64, r-release-windows-ix86+x86_64, r-oldrel-macos-x86_64, r-oldrel-windows-ix86+x86_64