CRAN Package Check Results for Package tlrmvnmvt

Last updated on 2021-11-01 00:49:56 CET.

Flavor Version Tinstall Tcheck Ttotal Status Flags
r-devel-linux-x86_64-debian-clang 1.1.0 216.63 40.46 257.09 OK
r-devel-linux-x86_64-debian-gcc 1.1.0 148.49 32.30 180.79 OK
r-devel-linux-x86_64-fedora-clang 1.1.0 459.65 NOTE
r-devel-linux-x86_64-fedora-gcc 1.1.0 343.83 OK
r-devel-windows-x86_64 1.1.0 275.00 64.00 339.00 OK
r-devel-windows-x86_64-gcc10-UCRT 1.1.0 OK
r-patched-linux-x86_64 1.1.0 185.59 40.94 226.53 OK
r-patched-solaris-x86 1.1.0 299.90 OK
r-release-linux-x86_64 1.1.0 189.19 40.58 229.77 OK
r-release-macos-arm64 1.1.0 NOTE
r-release-macos-x86_64 1.1.0 NOTE
r-release-windows-ix86+x86_64 1.1.0 392.00 92.00 484.00 OK
r-oldrel-macos-x86_64 1.1.0 NOTE
r-oldrel-windows-ix86+x86_64 1.1.0 389.00 110.00 499.00 OK

Check Details

Version: 1.1.0
Check: installed package size
Result: NOTE
     installed size is 9.8Mb
     sub-directories of 1Mb or more:
     libs 9.7Mb
Flavors: r-devel-linux-x86_64-fedora-clang, r-release-macos-arm64, r-release-macos-x86_64, r-oldrel-macos-x86_64