CRAN Package Check Results for Package tiledb

Last updated on 2021-11-01 00:49:56 CET.

Flavor Version Tinstall Tcheck Ttotal Status Flags
r-devel-linux-x86_64-debian-clang 0.9.7 109.44 133.60 243.04 OK
r-devel-linux-x86_64-debian-gcc 0.9.7 90.49 103.97 194.46 OK
r-devel-linux-x86_64-fedora-clang 0.9.7 381.27 NOTE
r-devel-linux-x86_64-fedora-gcc 0.9.7 297.54 ERROR
r-devel-windows-x86_64 0.9.7 155.00 135.00 290.00 NOTE
r-devel-windows-x86_64-gcc10-UCRT 0.9.7 ERROR
r-patched-linux-x86_64 0.9.7 110.70 129.92 240.62 OK
r-release-linux-x86_64 0.9.7 108.74 130.15 238.89 OK
r-release-macos-arm64 0.9.7 NOTE
r-release-macos-x86_64 0.9.7 NOTE
r-release-windows-ix86+x86_64 0.9.7 216.00 176.00 392.00 NOTE
r-oldrel-macos-x86_64 0.9.7 NOTE
r-oldrel-windows-ix86+x86_64 0.9.7 205.00 234.00 439.00 NOTE

Additional issues

noLD

Check Details

Version: 0.9.7
Check: installed package size
Result: NOTE
     installed size is 52.9Mb
     sub-directories of 1Mb or more:
     libs 9.1Mb
     tiledb 41.8Mb
Flavors: r-devel-linux-x86_64-fedora-clang, r-devel-windows-x86_64, r-release-macos-arm64, r-release-macos-x86_64, r-release-windows-ix86+x86_64, r-oldrel-macos-x86_64, r-oldrel-windows-ix86+x86_64

Version: 0.9.7
Check: tests
Result: ERROR
     Running ‘tinytest.R’ [40s/76s]
    Running the tests in ‘tests/tinytest.R’ failed.
    Complete output:
     >
     > if (requireNamespace("tinytest", quietly=TRUE)) {
     +
     + ## Set a seed to make the test deterministic
     + set.seed(42)
     +
     + ## R makes us to this
     + Sys.setenv("R_TESTS"="")
     +
     + ## there are several more granular ways to test files in a tinytest directory,
     + ## see its package vignette; tests can also run once the package is installed
     + ## using the same command `test_package(pkgName)`, or by director or file
     + tinytest::test_package("tiledb")
     + }
    
     test_arrayschema.R............ 0 tests
     test_arrayschema.R............ 0 tests
     test_arrayschema.R............ 0 tests
     test_arrayschema.R............ 0 tests
     test_arrayschema.R............ 0 tests
     test_arrayschema.R............ 0 tests
     test_arrayschema.R............ 0 tests
     test_arrayschema.R............ 0 tests
     test_arrayschema.R............ 0 tests
     test_arrayschema.R............ 1 tests <1b>[0;32mOK<1b>[0m
     test_arrayschema.R............ 1 tests <1b>[0;32mOK<1b>[0m
     test_arrayschema.R............ 1 tests <1b>[0;32mOK<1b>[0m
     test_arrayschema.R............ 1 tests <1b>[0;32mOK<1b>[0m
     test_arrayschema.R............ 1 tests <1b>[0;32mOK<1b>[0m
     test_arrayschema.R............ 1 tests <1b>[0;32mOK<1b>[0m
     test_arrayschema.R............ 2 tests <1b>[0;32mOK<1b>[0m
     test_arrayschema.R............ 2 tests <1b>[0;32mOK<1b>[0m
     test_arrayschema.R............ 3 tests <1b>[0;32mOK<1b>[0m
     test_arrayschema.R............ 4 tests <1b>[0;32mOK<1b>[0m
     test_arrayschema.R............ 5 tests <1b>[0;32mOK<1b>[0m
     test_arrayschema.R............ 5 tests <1b>[0;32mOK<1b>[0m
     test_arrayschema.R............ 6 tests <1b>[0;32mOK<1b>[0m
     test_arrayschema.R............ 7 tests <1b>[0;32mOK<1b>[0m
     test_arrayschema.R............ 8 tests <1b>[0;32mOK<1b>[0m
     test_arrayschema.R............ 9 tests <1b>[0;32mOK<1b>[0m
     test_arrayschema.R............ 10 tests <1b>[0;32mOK<1b>[0m
     test_arrayschema.R............ 10 tests <1b>[0;32mOK<1b>[0m
     test_arrayschema.R............ 10 tests <1b>[0;32mOK<1b>[0m
     test_arrayschema.R............ 10 tests <1b>[0;32mOK<1b>[0m
     test_arrayschema.R............ 10 tests <1b>[0;32mOK<1b>[0m
     test_arrayschema.R............ 10 tests <1b>[0;32mOK<1b>[0m
     test_arrayschema.R............ 10 tests <1b>[0;32mOK<1b>[0m
     test_arrayschema.R............ 10 tests <1b>[0;32mOK<1b>[0m
     test_arrayschema.R............ 11 tests <1b>[0;32mOK<1b>[0m
     test_arrayschema.R............ 11 tests <1b>[0;32mOK<1b>[0m
     test_arrayschema.R............ 12 tests <1b>[0;32mOK<1b>[0m
     test_arrayschema.R............ 13 tests <1b>[0;32mOK<1b>[0m
     test_arrayschema.R............ 14 tests <1b>[0;32mOK<1b>[0m
     test_arrayschema.R............ 15 tests <1b>[0;32mOK<1b>[0m
     test_arrayschema.R............ 15 tests <1b>[0;32mOK<1b>[0m
     test_arrayschema.R............ 16 tests <1b>[0;32mOK<1b>[0m
     test_arrayschema.R............ 17 tests <1b>[0;32mOK<1b>[0m
     test_arrayschema.R............ 18 tests <1b>[0;32mOK<1b>[0m
     test_arrayschema.R............ 19 tests <1b>[0;32mOK<1b>[0m
     test_arrayschema.R............ 20 tests <1b>[0;32mOK<1b>[0m
     test_arrayschema.R............ 21 tests <1b>[0;32mOK<1b>[0m
     test_arrayschema.R............ 21 tests <1b>[0;32mOK<1b>[0m
     test_arrayschema.R............ 22 tests <1b>[0;32mOK<1b>[0m
     test_arrayschema.R............ 23 tests <1b>[0;32mOK<1b>[0m
     test_arrayschema.R............ 24 tests <1b>[0;32mOK<1b>[0m
     test_arrayschema.R............ 25 tests <1b>[0;32mOK<1b>[0m
     test_arrayschema.R............ 26 tests <1b>[0;32mOK<1b>[0m
     test_arrayschema.R............ 26 tests <1b>[0;32mOK<1b>[0m
     test_arrayschema.R............ 27 tests <1b>[0;32mOK<1b>[0m
     test_arrayschema.R............ 28 tests <1b>[0;32mOK<1b>[0m
     test_arrayschema.R............ 29 tests <1b>[0;32mOK<1b>[0m
     test_arrayschema.R............ 29 tests <1b>[0;32mOK<1b>[0m
     test_arrayschema.R............ 29 tests <1b>[0;32mOK<1b>[0m
     test_arrayschema.R............ 29 tests <1b>[0;32mOK<1b>[0m
     test_arrayschema.R............ 30 tests <1b>[0;32mOK<1b>[0m
     test_arrayschema.R............ 30 tests <1b>[0;32mOK<1b>[0m
     test_arrayschema.R............ 31 tests <1b>[0;32mOK<1b>[0m <1b>[0;34m0.2s<1b>[0m
    
     test_arrayschemaevolution.R... 0 tests
     test_arrayschemaevolution.R... 0 tests
     test_arrayschemaevolution.R... 0 tests
     test_arrayschemaevolution.R... 0 tests
     test_arrayschemaevolution.R... 0 tests
     test_arrayschemaevolution.R... 0 tests
     test_arrayschemaevolution.R... 0 tests
     test_arrayschemaevolution.R... 0 tests
     test_arrayschemaevolution.R... 0 tests
     test_arrayschemaevolution.R... 0 tests
     test_arrayschemaevolution.R... 0 tests
     test_arrayschemaevolution.R... 0 tests
     test_arrayschemaevolution.R... 0 tests
     test_arrayschemaevolution.R... 0 tests
     test_arrayschemaevolution.R... 1 tests <1b>[0;32mOK<1b>[0m
     test_arrayschemaevolution.R... 2 tests <1b>[0;32mOK<1b>[0m
     test_arrayschemaevolution.R... 2 tests <1b>[0;32mOK<1b>[0m
     test_arrayschemaevolution.R... 2 tests <1b>[0;32mOK<1b>[0m
     test_arrayschemaevolution.R... 2 tests <1b>[0;32mOK<1b>[0m
     test_arrayschemaevolution.R... 2 tests <1b>[0;32mOK<1b>[0m
     test_arrayschemaevolution.R... 2 tests <1b>[0;32mOK<1b>[0m
     test_arrayschemaevolution.R... 3 tests <1b>[0;32mOK<1b>[0m
     test_arrayschemaevolution.R... 4 tests <1b>[0;32mOK<1b>[0m <1b>[0;34m0.1s<1b>[0m
    
     test_arrowio.R................ 0 tests
     test_arrowio.R................ 0 tests
     test_arrowio.R................ 0 tests
     test_arrowio.R................ 0 tests
     test_arrowio.R................ 0 tests
     test_arrowio.R................ 0 tests
     test_arrowio.R................ 0 tests
     test_arrowio.R................ 0 tests
     test_arrowio.R................ 0 tests
     test_arrowio.R................ 0 tests
     test_arrowio.R................ 0 tests
     test_arrowio.R................ 1 tests <1b>[0;32mOK<1b>[0m
     test_arrowio.R................ 2 tests <1b>[0;32mOK<1b>[0m
     test_arrowio.R................ 2 tests <1b>[0;32mOK<1b>[0m
     test_arrowio.R................ 2 tests <1b>[0;32mOK<1b>[0m
     test_arrowio.R................ 2 tests <1b>[0;32mOK<1b>[0m
     test_arrowio.R................ 2 tests <1b>[0;32mOK<1b>[0m
     test_arrowio.R................ 3 tests <1b>[0;32mOK<1b>[0m
     test_arrowio.R................ 4 tests <1b>[0;32mOK<1b>[0m
     test_arrowio.R................ 5 tests <1b>[0;32mOK<1b>[0m
     test_arrowio.R................ 5 tests <1b>[0;32mOK<1b>[0m
     test_arrowio.R................ 5 tests <1b>[0;32mOK<1b>[0m
     test_arrowio.R................ 5 tests <1b>[0;32mOK<1b>[0m
     test_arrowio.R................ 5 tests <1b>[0;32mOK<1b>[0m
     test_arrowio.R................ 5 tests <1b>[0;32mOK<1b>[0m
     test_arrowio.R................ 5 tests <1b>[0;32mOK<1b>[0m
     test_arrowio.R................ 5 tests <1b>[0;32mOK<1b>[0m
     test_arrowio.R................ 5 tests <1b>[0;32mOK<1b>[0m
     test_arrowio.R................ 5 tests <1b>[0;32mOK<1b>[0m
     test_arrowio.R................ 5 tests <1b>[0;32mOK<1b>[0m
     test_arrowio.R................ 5 tests <1b>[0;32mOK<1b>[0m
     test_arrowio.R................ 5 tests <1b>[0;32mOK<1b>[0m
     test_arrowio.R................ 5 tests <1b>[0;32mOK<1b>[0m
     test_arrowio.R................ 5 tests <1b>[0;32mOK<1b>[0m
     test_arrowio.R................ 5 tests <1b>[0;32mOK<1b>[0m
     test_arrowio.R................ 5 tests <1b>[0;32mOK<1b>[0m
     test_arrowio.R................ 5 tests <1b>[0;32mOK<1b>[0m
     test_arrowio.R................ 5 tests <1b>[0;32mOK<1b>[0m
     test_arrowio.R................ 5 tests <1b>[0;32mOK<1b>[0m
     test_arrowio.R................ 5 tests <1b>[0;32mOK<1b>[0m
     test_arrowio.R................ 5 tests <1b>[0;32mOK<1b>[0m
     test_arrowio.R................ 5 tests <1b>[0;32mOK<1b>[0m
     test_arrowio.R................ 5 tests <1b>[0;32mOK<1b>[0m
     test_arrowio.R................ 5 tests <1b>[0;32mOK<1b>[0m
     test_arrowio.R................ 5 tests <1b>[0;32mOK<1b>[0m
     test_arrowio.R................ 5 tests <1b>[0;32mOK<1b>[0m
     test_arrowio.R................ 5 tests <1b>[0;32mOK<1b>[0m
     test_arrowio.R................ 5 tests <1b>[0;32mOK<1b>[0m
Flavor: r-devel-linux-x86_64-fedora-gcc

Version: 0.9.7
Check: tests
Result: ERROR
     Running 'tinytest.R'
    Running the tests in 'tests/tinytest.R' failed.
    Complete output:
     >
     > if (requireNamespace("tinytest", quietly=TRUE)) {
     +
     + ## Set a seed to make the test deterministic
     + set.seed(42)
     +
     + ## R makes us to this
     + Sys.setenv("R_TESTS"="")
     +
     + ## there are several more granular ways to test files in a tinytest directory,
     + ## see its package vignette; tests can also run once the package is installed
     + ## using the same command `test_package(pkgName)`, or by director or file
     + tinytest::test_package("tiledb")
     + }
    
     test_arrayschema.R............ 0 tests
     test_arrayschema.R............ 0 tests
     test_arrayschema.R............ 0 tests
     test_arrayschema.R............ 0 tests
     test_arrayschema.R............ 0 tests
     test_arrayschema.R............ 0 tests
     test_arrayschema.R............ 0 tests
     test_arrayschema.R............ 0 tests
     test_arrayschema.R............ 0 tests
     test_arrayschema.R............ 1 tests <1b>[0;32mOK<1b>[0m
     test_arrayschema.R............ 1 tests <1b>[0;32mOK<1b>[0m
     test_arrayschema.R............ 1 tests <1b>[0;32mOK<1b>[0m
     test_arrayschema.R............ 1 tests <1b>[0;32mOK<1b>[0m
     test_arrayschema.R............ 1 tests <1b>[0;32mOK<1b>[0m
     test_arrayschema.R............ 1 tests <1b>[0;32mOK<1b>[0m
     test_arrayschema.R............ 2 tests <1b>[0;32mOK<1b>[0m
     test_arrayschema.R............ 2 tests <1b>[0;32mOK<1b>[0m
     test_arrayschema.R............ 3 tests <1b>[0;32mOK<1b>[0m
     test_arrayschema.R............ 4 tests <1b>[0;32mOK<1b>[0m
     test_arrayschema.R............ 5 tests <1b>[0;32mOK<1b>[0m
     test_arrayschema.R............ 5 tests <1b>[0;32mOK<1b>[0m
     test_arrayschema.R............ 6 tests <1b>[0;32mOK<1b>[0m
     test_arrayschema.R............ 7 tests <1b>[0;32mOK<1b>[0m
     test_arrayschema.R............ 8 tests <1b>[0;32mOK<1b>[0m
     test_arrayschema.R............ 9 tests <1b>[0;32mOK<1b>[0m
     test_arrayschema.R............ 10 tests <1b>[0;32mOK<1b>[0m
     test_arrayschema.R............ 10 tests <1b>[0;32mOK<1b>[0m
     test_arrayschema.R............ 10 tests <1b>[0;32mOK<1b>[0m
     test_arrayschema.R............ 10 tests <1b>[0;32mOK<1b>[0m
     test_arrayschema.R............ 10 tests <1b>[0;32mOK<1b>[0m
     test_arrayschema.R............ 10 tests <1b>[0;32mOK<1b>[0m
     test_arrayschema.R............ 10 tests <1b>[0;32mOK<1b>[0m
     test_arrayschema.R............ 10 tests <1b>[0;32mOK<1b>[0m
     test_arrayschema.R............ 11 tests <1b>[0;32mOK<1b>[0m
     test_arrayschema.R............ 11 tests <1b>[0;32mOK<1b>[0m
     test_arrayschema.R............ 12 tests <1b>[0;32mOK<1b>[0m
     test_arrayschema.R............ 13 tests <1b>[0;32mOK<1b>[0m
     test_arrayschema.R............ 14 tests <1b>[0;32mOK<1b>[0m
     test_arrayschema.R............ 15 tests <1b>[0;32mOK<1b>[0m
     test_arrayschema.R............ 15 tests <1b>[0;32mOK<1b>[0m
     test_arrayschema.R............ 16 tests <1b>[0;32mOK<1b>[0m
     test_arrayschema.R............ 17 tests <1b>[0;32mOK<1b>[0m
     test_arrayschema.R............ 18 tests <1b>[0;32mOK<1b>[0m
     test_arrayschema.R............ 19 tests <1b>[0;32mOK<1b>[0m
     test_arrayschema.R............ 20 tests <1b>[0;32mOK<1b>[0m
     test_arrayschema.R............ 21 tests <1b>[0;32mOK<1b>[0m
     test_arrayschema.R............ 21 tests <1b>[0;32mOK<1b>[0m
     test_arrayschema.R............ 22 tests <1b>[0;32mOK<1b>[0m
     test_arrayschema.R............ 23 tests <1b>[0;32mOK<1b>[0m
     test_arrayschema.R............ 24 tests <1b>[0;32mOK<1b>[0m
     test_arrayschema.R............ 25 tests <1b>[0;32mOK<1b>[0m
     test_arrayschema.R............ 26 tests <1b>[0;32mOK<1b>[0m
     test_arrayschema.R............ 26 tests <1b>[0;32mOK<1b>[0m
     test_arrayschema.R............ 27 tests <1b>[0;32mOK<1b>[0m
     test_arrayschema.R............ 28 tests <1b>[0;32mOK<1b>[0m
     test_arrayschema.R............ 29 tests <1b>[0;32mOK<1b>[0m
     test_arrayschema.R............ 29 tests <1b>[0;32mOK<1b>[0m
     test_arrayschema.R............ 29 tests <1b>[0;32mOK<1b>[0m
     test_arrayschema.R............ 29 tests <1b>[0;32mOK<1b>[0m
     test_arrayschema.R............ 30 tests <1b>[0;32mOK<1b>[0m
     test_arrayschema.R............ 30 tests <1b>[0;32mOK<1b>[0m
     test_arrayschema.R............ 31 tests <1b>[0;32mOK<1b>[0m <1b>[0;34m0.2s<1b>[0m
    
     test_arrayschemaevolution.R... 0 tests
     test_arrayschemaevolution.R... 0 tests
     test_arrayschemaevolution.R... 0 tests <1b>[0;36m6ms<1b>[0m [Exited at #7: Skip on Windows]
    
     test_arrowio.R................ 0 tests
     test_arrowio.R................ 0 tests
     test_arrowio.R................ 0 tests
     test_arrowio.R................ 0 tests
     test_arrowio.R................ 0 tests
     test_arrowio.R................ 0 tests
     test_arrowio.R................ 0 tests
     test_arrowio.R................ 0 tests
     test_arrowio.R................ 0 tests
     test_arrowio.R................ 0 tests
     test_arrowio.R................ 0 tests
     test_arrowio.R................ 1 tests <1b>[0;32mOK<1b>[0m
     test_arrowio.R................ 2 tests <1b>[0;32mOK<1b>[0m
     test_arrowio.R................ 2 tests <1b>[0;32mOK<1b>[0m
     test_arrowio.R................ 2 tests <1b>[0;32mOK<1b>[0m
     test_arrowio.R................ 2 tests <1b>[0;32mOK<1b>[0m
     test_arrowio.R................ 2 tests <1b>[0;32mOK<1b>[0m
     test_arrowio.R................ 3 tests <1b>[0;32mOK<1b>[0m
     test_arrowio.R................ 4 tests <1b>[0;32mOK<1b>[0m
     test_arrowio.R................ 5 tests <1b>[0;32mOK<1b>[0m
     test_arrowio.R................ 5 tests <1b>[0;32mOK<1b>[0m
     test_arrowio.R................ 5 tests <1b>[0;32mOK<1b>[0m
     test_arrowio.R................ 5 tests <1b>[0;32mOK<1b>[0m
     test_arrowio.R................ 5 tests <1b>[0;32mOK<1b>[0m
     test_arrowio.R................ 5 tests <1b>[0;32mOK<1b>[0m
     test_arrowio.R................ 5 tests <1b>[0;32mOK<1b>[0m
     test_arrowio.R................ 5 tests <1b>[0;32mOK<1b>[0m
     test_arrowio.R................ 5 tests <1b>[0;32mOK<1b>[0m
     test_arrowio.R................ 5 tests <1b>[0;32mOK<1b>[0m
     test_arrowio.R................ 5 tests <1b>[0;32mOK<1b>[0m
     test_arrowio.R................ 5 tests <1b>[0;32mOK<1b>[0m
     test_arrowio.R................ 5 tests <1b>[0;32mOK<1b>[0m
     test_arrowio.R................ 5 tests <1b>[0;32mOK<1b>[0m
     test_arrowio.R................ 5 tests <1b>[0;32mOK<1b>[0m
     test_arrowio.R................ 5 tests <1b>[0;32mOK<1b>[0m
     test_arrowio.R................ 5 tests <1b>[0;32mOK<1b>[0m
     test_arrowio.R................ 5 tests <1b>[0;32mOK<1b>[0m
     test_arrowio.R................ 5 tests <1b>[0;32mOK<1b>[0m
     test_arrowio.R................ 5 tests <1b>[0;32mOK<1b>[0m
     test_arrowio.R................ 5 tests <1b>[0;32mOK<1b>[0m
     test_arrowio.R................ 5 tests <1b>[0;32mOK<1b>[0m
     test_arrowio.R................ 5 tests <1b>[0;32mOK<1b>[0m
     test_arrowio.R................ 5 tests <1b>[0;32mOK<1b>[0m
     test_arrowio.R................ 5 tests <1b>[0;32mOK<1b>[0m
     test_arrowio.R................ 5 tests <1b>[0;32mOK<1b>[0m
     test_arrowio.R................ 5 tests <1b>[0;32mOK<1b>[0m
     test_arrowio.R................ 5 tests <1b>[0;32mOK<1b>[0m
     test_arrowio.R................ 5 tests <1b>[0;32mOK<1b>[0m
     test_arrowio.R................ 5 tests <1b>[0;32mOK<1b>[0m
     test_arrowio.R................ 5 tests <1b>[0;32mOK<1b>[0m
     test_arrowio.R................ 5 tests <1b>[0;32mOK<1b>[0m
     test_arrowio.R................ 6 tests <1b>[0;32mOK<1b>[0m Error: Invalid: Invalid encoded metadata string
     Execution halted
Flavor: r-devel-windows-x86_64-gcc10-UCRT