Last updated on 2021-11-01 00:49:56 CET.
Flavor | Version | Tinstall | Tcheck | Ttotal | Status | Flags |
---|---|---|---|---|---|---|
r-devel-linux-x86_64-debian-clang | 0.1.4 | 15.92 | 140.73 | 156.65 | OK | |
r-devel-linux-x86_64-debian-gcc | 0.1.4 | 11.75 | 107.39 | 119.14 | OK | |
r-devel-linux-x86_64-fedora-clang | 0.1.4 | 212.61 | NOTE | |||
r-devel-linux-x86_64-fedora-gcc | 0.1.4 | 188.37 | NOTE | |||
r-devel-windows-x86_64 | 0.1.4 | 24.00 | 130.00 | 154.00 | OK | |
r-devel-windows-x86_64-gcc10-UCRT | 0.1.4 | NOTE | ||||
r-patched-linux-x86_64 | 0.1.4 | 13.66 | 136.19 | 149.85 | OK | |
r-patched-solaris-x86 | 0.1.4 | 257.50 | NOTE | |||
r-release-linux-x86_64 | 0.1.4 | 16.09 | 134.92 | 151.01 | OK | |
r-release-macos-arm64 | 0.1.4 | NOTE | ||||
r-release-macos-x86_64 | 0.1.4 | NOTE | ||||
r-release-windows-ix86+x86_64 | 0.1.4 | 28.00 | 123.00 | 151.00 | OK | |
r-oldrel-macos-x86_64 | 0.1.4 | NOTE | ||||
r-oldrel-windows-ix86+x86_64 | 0.1.4 | 26.00 | 152.00 | 178.00 | OK |
Version: 0.1.4
Check: package dependencies
Result: NOTE
Imports includes 21 non-default packages.
Importing from so many packages makes the package vulnerable to any of
them becoming unavailable. Move as many as possible to Suggests and
use conditionally.
Flavor: r-devel-linux-x86_64-fedora-clang
Version: 0.1.4
Check: dependencies in R code
Result: NOTE
Namespaces in Imports field not imported from:
‘hardhat’ ‘modeldata’
All declared Imports should be used.
Flavors: r-devel-linux-x86_64-fedora-clang, r-devel-linux-x86_64-fedora-gcc, r-devel-windows-x86_64-gcc10-UCRT, r-patched-solaris-x86, r-release-macos-arm64, r-release-macos-x86_64, r-oldrel-macos-x86_64