CRAN Package Check Results for Package tidygenomics

Last updated on 2021-11-01 00:49:56 CET.

Flavor Version Tinstall Tcheck Ttotal Status Flags
r-devel-linux-x86_64-debian-clang 0.1.2 20.64 66.35 86.99 NOTE
r-devel-linux-x86_64-debian-gcc 0.1.2 15.26 49.78 65.04 NOTE
r-devel-linux-x86_64-fedora-clang 0.1.2 129.15 NOTE
r-devel-linux-x86_64-fedora-gcc 0.1.2 103.90 NOTE
r-devel-windows-x86_64 0.1.2 28.00 76.00 104.00 NOTE
r-devel-windows-x86_64-gcc10-UCRT 0.1.2 NOTE
r-patched-linux-x86_64 0.1.2 16.95 62.18 79.13 NOTE
r-patched-solaris-x86 0.1.2 124.60 NOTE
r-release-linux-x86_64 0.1.2 16.46 61.72 78.18 NOTE
r-release-macos-arm64 0.1.2 NOTE
r-release-macos-x86_64 0.1.2 NOTE
r-release-windows-ix86+x86_64 0.1.2 37.00 93.00 130.00 NOTE
r-oldrel-macos-x86_64 0.1.2 OK
r-oldrel-windows-ix86+x86_64 0.1.2 43.00 118.00 161.00 OK

Check Details

Version: 0.1.2
Check: LazyData
Result: NOTE
     'LazyData' is specified without a 'data' directory
Flavors: r-devel-linux-x86_64-debian-clang, r-devel-linux-x86_64-debian-gcc, r-devel-linux-x86_64-fedora-clang, r-devel-linux-x86_64-fedora-gcc, r-devel-windows-x86_64, r-devel-windows-x86_64-gcc10-UCRT, r-patched-linux-x86_64, r-patched-solaris-x86, r-release-linux-x86_64, r-release-macos-arm64, r-release-macos-x86_64, r-release-windows-ix86+x86_64