Last updated on 2021-11-01 00:49:56 CET.
Flavor | Version | Tinstall | Tcheck | Ttotal | Status | Flags |
---|---|---|---|---|---|---|
r-devel-linux-x86_64-debian-clang | 0.1.2.1 | 4.79 | 50.65 | 55.44 | OK | |
r-devel-linux-x86_64-debian-gcc | 0.1.2.1 | 4.22 | 38.21 | 42.43 | OK | |
r-devel-linux-x86_64-fedora-clang | 0.1.2.1 | 79.95 | OK | |||
r-devel-linux-x86_64-fedora-gcc | 0.1.2.1 | 71.24 | OK | |||
r-devel-windows-x86_64 | 0.1.2.1 | 8.00 | 58.00 | 66.00 | OK | |
r-devel-windows-x86_64-gcc10-UCRT | 0.1.2.1 | OK | ||||
r-patched-linux-x86_64 | 0.1.2.1 | 4.45 | 48.55 | 53.00 | OK | |
r-patched-solaris-x86 | 0.1.2.1 | 88.80 | OK | |||
r-release-linux-x86_64 | 0.1.2.1 | 4.51 | 48.07 | 52.58 | OK | |
r-release-macos-arm64 | 0.1.2.1 | NOTE | ||||
r-release-macos-x86_64 | 0.1.2.1 | OK | ||||
r-release-windows-ix86+x86_64 | 0.1.2.1 | 7.00 | 54.00 | 61.00 | OK | |
r-oldrel-macos-x86_64 | 0.1.2.1 | OK | ||||
r-oldrel-windows-ix86+x86_64 | 0.1.2.1 | 7.00 | 66.00 | 73.00 | OK |
Version: 0.1.2.1
Check: package dependencies
Result: NOTE
Packages suggested but not available for checking: 'sysfonts', 'showtext'
Flavor: r-release-macos-arm64