CRAN Package Check Results for Package tfarima

Last updated on 2021-11-01 00:49:56 CET.

Flavor Version Tinstall Tcheck Ttotal Status Flags
r-devel-linux-x86_64-debian-clang 0.2.1 185.93 61.93 247.86 OK
r-devel-linux-x86_64-debian-gcc 0.2.1 140.24 46.19 186.43 OK
r-devel-linux-x86_64-fedora-clang 0.2.1 446.56 NOTE
r-devel-linux-x86_64-fedora-gcc 0.2.1 357.73 OK
r-devel-windows-x86_64 0.2.1 267.00 71.00 338.00 OK
r-devel-windows-x86_64-gcc10-UCRT 0.2.1 OK
r-patched-linux-x86_64 0.2.1 173.60 60.16 233.76 OK
r-patched-solaris-x86 0.2.1 331.00 OK
r-release-linux-x86_64 0.2.1 171.12 59.83 230.95 OK
r-release-macos-arm64 0.2.1 NOTE
r-release-macos-x86_64 0.2.1 NOTE
r-release-windows-ix86+x86_64 0.2.1 379.00 90.00 469.00 OK
r-oldrel-macos-x86_64 0.2.1 NOTE
r-oldrel-windows-ix86+x86_64 0.2.1 404.00 106.00 510.00 OK

Check Details

Version: 0.2.1
Check: installed package size
Result: NOTE
     installed size is 6.9Mb
     sub-directories of 1Mb or more:
     libs 6.1Mb
Flavors: r-devel-linux-x86_64-fedora-clang, r-release-macos-arm64, r-release-macos-x86_64, r-oldrel-macos-x86_64