CRAN Package Check Results for Package tfaddons

Last updated on 2021-11-01 00:49:56 CET.

Flavor Version Tinstall Tcheck Ttotal Status Flags
r-devel-linux-x86_64-debian-clang 0.10.0 9.38 86.73 96.11 NOTE
r-devel-linux-x86_64-debian-gcc 0.10.0 7.99 67.65 75.64 NOTE
r-devel-linux-x86_64-fedora-clang 0.10.0 141.45 NOTE
r-devel-linux-x86_64-fedora-gcc 0.10.0 121.20 NOTE
r-devel-windows-x86_64 0.10.0 16.00 100.00 116.00 NOTE
r-devel-windows-x86_64-gcc10-UCRT 0.10.0 NOTE
r-patched-linux-x86_64 0.10.0 11.20 84.38 95.58 NOTE
r-patched-solaris-x86 0.10.0 166.00 NOTE
r-release-linux-x86_64 0.10.0 8.23 83.55 91.78 NOTE
r-release-macos-arm64 0.10.0 NOTE
r-release-macos-x86_64 0.10.0 NOTE
r-release-windows-ix86+x86_64 0.10.0 17.00 97.00 114.00 NOTE
r-oldrel-macos-x86_64 0.10.0 OK
r-oldrel-windows-ix86+x86_64 0.10.0 18.00 131.00 149.00 OK

Check Details

Version: 0.10.0
Check: LazyData
Result: NOTE
     'LazyData' is specified without a 'data' directory
Flavors: r-devel-linux-x86_64-debian-clang, r-devel-linux-x86_64-debian-gcc, r-devel-linux-x86_64-fedora-clang, r-devel-linux-x86_64-fedora-gcc, r-devel-windows-x86_64, r-devel-windows-x86_64-gcc10-UCRT, r-patched-linux-x86_64, r-patched-solaris-x86, r-release-linux-x86_64, r-release-macos-arm64, r-release-macos-x86_64, r-release-windows-ix86+x86_64