CRAN Package Check Results for Package textTinyR

Last updated on 2021-11-01 00:49:56 CET.

Flavor Version Tinstall Tcheck Ttotal Status Flags
r-devel-linux-x86_64-debian-clang 1.1.7 125.29 139.52 264.81 OK
r-devel-linux-x86_64-debian-gcc 1.1.7 98.97 114.73 213.70 OK
r-devel-linux-x86_64-fedora-clang 1.1.7 416.11 NOTE
r-devel-linux-x86_64-fedora-gcc 1.1.7 372.72 OK
r-devel-windows-x86_64 1.1.7 148.00 158.00 306.00 OK
r-devel-windows-x86_64-gcc10-UCRT 1.1.7 OK
r-patched-linux-x86_64 1.1.7 117.47 135.75 253.22 OK
r-patched-solaris-x86 1.1.7 399.90 OK
r-release-linux-x86_64 1.1.7 122.57 133.39 255.96 OK
r-release-macos-arm64 1.1.7 NOTE
r-release-macos-x86_64 1.1.7 NOTE
r-release-windows-ix86+x86_64 1.1.7 216.00 188.00 404.00 NOTE
r-oldrel-macos-x86_64 1.1.7 NOTE
r-oldrel-windows-ix86+x86_64 1.1.7 241.00 204.00 445.00 NOTE

Check Details

Version: 1.1.7
Check: installed package size
Result: NOTE
     installed size is 13.9Mb
     sub-directories of 1Mb or more:
     libs 12.3Mb
Flavors: r-devel-linux-x86_64-fedora-clang, r-release-macos-arm64, r-release-macos-x86_64, r-release-windows-ix86+x86_64, r-oldrel-macos-x86_64, r-oldrel-windows-ix86+x86_64