Last updated on 2021-11-01 00:49:55 CET.
Flavor | Version | Tinstall | Tcheck | Ttotal | Status | Flags |
---|---|---|---|---|---|---|
r-devel-linux-x86_64-debian-clang | 0.1.1 | 12.98 | 86.71 | 99.69 | NOTE | |
r-devel-linux-x86_64-debian-gcc | 0.1.1 | 11.24 | 68.08 | 79.32 | NOTE | |
r-devel-linux-x86_64-fedora-clang | 0.1.1 | 137.21 | NOTE | |||
r-devel-linux-x86_64-fedora-gcc | 0.1.1 | 121.67 | NOTE | |||
r-devel-windows-x86_64 | 0.1.1 | 23.00 | 80.00 | 103.00 | NOTE | |
r-devel-windows-x86_64-gcc10-UCRT | 0.1.1 | NOTE | ||||
r-patched-linux-x86_64 | 0.1.1 | 12.59 | 84.31 | 96.90 | NOTE | |
r-patched-solaris-x86 | 0.1.1 | 164.90 | NOTE | |||
r-release-linux-x86_64 | 0.1.1 | 13.19 | 84.22 | 97.41 | NOTE | |
r-release-macos-arm64 | 0.1.1 | NOTE | ||||
r-release-macos-x86_64 | 0.1.1 | NOTE | ||||
r-release-windows-ix86+x86_64 | 0.1.1 | 23.00 | 81.00 | 104.00 | NOTE | |
r-oldrel-macos-x86_64 | 0.1.1 | OK | ||||
r-oldrel-windows-ix86+x86_64 | 0.1.1 | 21.00 | 116.00 | 137.00 | OK |
Version: 0.1.1
Check: LazyData
Result: NOTE
'LazyData' is specified without a 'data' directory
Flavors: r-devel-linux-x86_64-debian-clang, r-devel-linux-x86_64-debian-gcc, r-devel-linux-x86_64-fedora-clang, r-devel-linux-x86_64-fedora-gcc, r-devel-windows-x86_64, r-devel-windows-x86_64-gcc10-UCRT, r-patched-linux-x86_64, r-patched-solaris-x86, r-release-linux-x86_64, r-release-macos-arm64, r-release-macos-x86_64, r-release-windows-ix86+x86_64