Last updated on 2021-11-01 00:49:55 CET.
Flavor | Version | Tinstall | Tcheck | Ttotal | Status | Flags |
---|---|---|---|---|---|---|
r-devel-linux-x86_64-debian-clang | 1.0.8 | 223.37 | 98.31 | 321.68 | NOTE | |
r-devel-linux-x86_64-debian-gcc | 1.0.8 | 156.13 | 74.01 | 230.14 | NOTE | |
r-devel-linux-x86_64-fedora-clang | 1.0.8 | 530.52 | NOTE | |||
r-devel-linux-x86_64-fedora-gcc | 1.0.8 | 440.24 | NOTE | |||
r-devel-windows-x86_64 | 1.0.8 | 308.00 | 102.00 | 410.00 | NOTE | |
r-devel-windows-x86_64-gcc10-UCRT | 1.0.8 | NOTE | ||||
r-patched-linux-x86_64 | 1.0.8 | 200.83 | 94.08 | 294.91 | NOTE | |
r-patched-solaris-x86 | 1.0.8 | 389.80 | NOTE | |||
r-release-linux-x86_64 | 1.0.8 | 192.60 | 93.78 | 286.38 | NOTE | |
r-release-macos-arm64 | 1.0.8 | NOTE | ||||
r-release-macos-x86_64 | 1.0.8 | NOTE | ||||
r-release-windows-ix86+x86_64 | 1.0.8 | 434.00 | 134.00 | 568.00 | NOTE | |
r-oldrel-macos-x86_64 | 1.0.8 | NOTE | ||||
r-oldrel-windows-ix86+x86_64 | 1.0.8 | 407.00 | 183.00 | 590.00 | NOTE |
Version: 1.0.8
Check: LazyData
Result: NOTE
'LazyData' is specified without a 'data' directory
Flavors: r-devel-linux-x86_64-debian-clang, r-devel-linux-x86_64-debian-gcc, r-devel-linux-x86_64-fedora-clang, r-devel-linux-x86_64-fedora-gcc, r-devel-windows-x86_64, r-devel-windows-x86_64-gcc10-UCRT, r-patched-linux-x86_64, r-patched-solaris-x86, r-release-linux-x86_64, r-release-macos-arm64, r-release-macos-x86_64, r-release-windows-ix86+x86_64
Version: 1.0.8
Check: installed package size
Result: NOTE
installed size is 14.2Mb
sub-directories of 1Mb or more:
apps 3.2Mb
libs 9.0Mb
Flavors: r-devel-linux-x86_64-fedora-clang, r-release-macos-arm64, r-release-macos-x86_64, r-release-windows-ix86+x86_64, r-oldrel-macos-x86_64, r-oldrel-windows-ix86+x86_64