Last updated on 2021-11-01 00:49:55 CET.
Flavor | Version | Tinstall | Tcheck | Ttotal | Status | Flags |
---|---|---|---|---|---|---|
r-devel-linux-x86_64-debian-clang | 0.1.0 | 8.61 | 132.13 | 140.74 | OK | |
r-devel-linux-x86_64-debian-gcc | 0.1.0 | 6.65 | 95.10 | 101.75 | OK | |
r-devel-linux-x86_64-fedora-clang | 0.1.0 | 178.51 | OK | |||
r-devel-linux-x86_64-fedora-gcc | 0.1.0 | 163.85 | OK | |||
r-devel-windows-x86_64 | 0.1.0 | 14.00 | 120.00 | 134.00 | OK | |
r-devel-windows-x86_64-gcc10-UCRT | 0.1.0 | OK | ||||
r-patched-linux-x86_64 | 0.1.0 | 8.16 | 125.25 | 133.41 | OK | |
r-patched-solaris-x86 | 0.1.0 | 249.40 | NOTE | |||
r-release-linux-x86_64 | 0.1.0 | 8.96 | 122.82 | 131.78 | OK | |
r-release-macos-arm64 | 0.1.0 | OK | ||||
r-release-macos-x86_64 | 0.1.0 | OK | ||||
r-release-windows-ix86+x86_64 | 0.1.0 | 13.00 | 121.00 | 134.00 | OK | |
r-oldrel-macos-x86_64 | 0.1.0 | OK | ||||
r-oldrel-windows-ix86+x86_64 | 0.1.0 | 13.00 | 164.00 | 177.00 | OK |
Version: 0.1.0
Check: installed package size
Result: NOTE
installed size is 6.0Mb
sub-directories of 1Mb or more:
doc 1.3Mb
help 4.6Mb
Flavor: r-patched-solaris-x86