Last updated on 2021-11-01 00:49:55 CET.
Flavor | Version | Tinstall | Tcheck | Ttotal | Status | Flags |
---|---|---|---|---|---|---|
r-devel-linux-x86_64-debian-clang | 1.0.6 | 10.81 | 287.42 | 298.23 | NOTE | |
r-devel-linux-x86_64-debian-gcc | 1.0.6 | 10.87 | 222.24 | 233.11 | NOTE | |
r-devel-linux-x86_64-fedora-clang | 1.0.6 | 380.43 | NOTE | |||
r-devel-linux-x86_64-fedora-gcc | 1.0.6 | 368.97 | NOTE | |||
r-devel-windows-x86_64 | 1.0.6 | 17.00 | 301.00 | 318.00 | NOTE | |
r-devel-windows-x86_64-gcc10-UCRT | 1.0.6 | NOTE | ||||
r-patched-linux-x86_64 | 1.0.6 | 11.61 | 284.14 | 295.75 | NOTE | |
r-patched-solaris-x86 | 1.0.6 | 200.60 | NOTE | |||
r-release-linux-x86_64 | 1.0.6 | 10.86 | 284.12 | 294.98 | NOTE | |
r-release-macos-arm64 | 1.0.6 | NOTE | ||||
r-release-macos-x86_64 | 1.0.6 | NOTE | ||||
r-release-windows-ix86+x86_64 | 1.0.6 | 14.00 | 280.00 | 294.00 | NOTE | |
r-oldrel-macos-x86_64 | 1.0.6 | NOTE | ||||
r-oldrel-windows-ix86+x86_64 | 1.0.6 | 18.00 | 307.00 | 325.00 | NOTE |
Version: 1.0.6
Check: LazyData
Result: NOTE
'LazyData' is specified without a 'data' directory
Flavors: r-devel-linux-x86_64-debian-clang, r-devel-linux-x86_64-debian-gcc, r-devel-linux-x86_64-fedora-clang, r-devel-linux-x86_64-fedora-gcc, r-devel-windows-x86_64, r-devel-windows-x86_64-gcc10-UCRT, r-patched-linux-x86_64, r-patched-solaris-x86, r-release-linux-x86_64, r-release-macos-arm64, r-release-macos-x86_64, r-release-windows-ix86+x86_64
Version: 1.0.6
Check: installed package size
Result: NOTE
installed size is 5.3Mb
sub-directories of 1Mb or more:
R 1.3Mb
extdata 3.1Mb
Flavors: r-devel-linux-x86_64-fedora-clang, r-devel-windows-x86_64, r-patched-solaris-x86, r-release-macos-arm64, r-release-macos-x86_64, r-release-windows-ix86+x86_64, r-oldrel-macos-x86_64, r-oldrel-windows-ix86+x86_64